57.129.16.41 - - [16/Apr/2026:21:41:54 +0800] "GET /awstats-icon/browser/lg.png HTTP/1.1" 200 541 "-" "Go-http-client/1.1"
138.68.86.32 - - [16/Apr/2026:21:41:54 +0800] "GET /.well-known/security.txt HTTP/1.0" 404 47 "-" "Mozilla/5.0 (l9scan/2.0.8333e273e25353e2236313; +https://leakix.net)"
57.129.16.41 - - [16/Apr/2026:21:41:54 +0800] "HEAD /awstats-icon/browser/lotusnotes.png HTTP/1.1" 200 - "-" "Go-http-client/1.1"
157.245.113.227 - - [16/Apr/2026:21:41:54 +0800] "GET /telescope/requests HTTP/1.0" 404 47 "-" "Mozilla/5.0 (l9scan/2.0.8333e273e25353e2236313; +https://leakix.net)"
57.129.16.41 - - [16/Apr/2026:21:41:54 +0800] "GET /awstats-icon/browser/lotusnotes.png HTTP/1.1" 200 344 "-" "Go-http-client/1.1"
64.227.70.2 - - [16/Apr/2026:21:41:54 +0800] "GET /actuator/env HTTP/1.1" 404 47 "-" "Mozilla/5.0 (l9scan/2.0.8333e273e25353e2236313; +https://leakix.net)"
57.129.16.41 - - [16/Apr/2026:21:41:54 +0800] "HEAD /awstats-icon/browser/lynx.png HTTP/1.1" 200 - "-" "Go-http-client/1.1"
57.129.16.41 - - [16/Apr/2026:21:41:54 +0800] "GET /awstats-icon/browser/lynx.png HTTP/1.1" 200 288 "-" "Go-http-client/1.1"
57.129.16.41 - - [16/Apr/2026:21:41:55 +0800] "HEAD /awstats-icon/browser/macweb.png HTTP/1.1" 200 - "-" "Go-http-client/1.1"
157.245.113.227 - - [16/Apr/2026:21:41:55 +0800] "GET /info.php HTTP/1.0" 404 47 "-" "Mozilla/5.0 (l9scan/2.0.8333e273e25353e2236313; +https://leakix.net)"
146.190.103.103 - - [16/Apr/2026:21:41:55 +0800] "POST /api/gql HTTP/1.1" 406 - "-" "Mozilla/5.0 (l9scan/2.0.8333e273e25353e2236313; +https://leakix.net)"
57.129.16.41 - - [16/Apr/2026:21:41:55 +0800] "GET /awstats-icon/browser/macweb.png HTTP/1.1" 200 662 "-" "Go-http-client/1.1"
57.129.16.41 - - [16/Apr/2026:21:41:55 +0800] "HEAD /awstats-icon/browser/mediaplayer.png HTTP/1.1" 200 - "-" "Go-http-client/1.1"
57.129.16.41 - - [16/Apr/2026:21:41:55 +0800] "GET /awstats-icon/browser/mediaplayer.png HTTP/1.1" 200 370 "-" "Go-http-client/1.1"
57.129.16.41 - - [16/Apr/2026:21:41:55 +0800] "HEAD /awstats-icon/browser/motorola.png HTTP/1.1" 200 - "-" "Go-http-client/1.1"
57.129.16.41 - - [16/Apr/2026:21:41:55 +0800] "GET /awstats-icon/browser/motorola.png HTTP/1.1" 200 655 "-" "Go-http-client/1.1"
57.129.16.41 - - [16/Apr/2026:21:41:55 +0800] "HEAD /awstats-icon/browser/mozilla.png HTTP/1.1" 200 - "-" "Go-http-client/1.1"
57.129.16.41 - - [16/Apr/2026:21:41:55 +0800] "GET /awstats-icon/browser/mozilla.png HTTP/1.1" 200 289 "-" "Go-http-client/1.1"
57.129.16.41 - - [16/Apr/2026:21:41:55 +0800] "HEAD /awstats-icon/browser/mplayer.png HTTP/1.1" 200 - "-" "Go-http-client/1.1"
57.129.16.41 - - [16/Apr/2026:21:41:55 +0800] "GET /awstats-icon/browser/mplayer.png HTTP/1.1" 200 689 "-" "Go-http-client/1.1"
57.129.16.41 - - [16/Apr/2026:21:41:55 +0800] "HEAD /awstats-icon/browser/msie.png HTTP/1.1" 200 - "-" "Go-http-client/1.1"
154.28.229.31 - - [16/Apr/2026:21:41:55 +0800] "GET / HTTP/1.0" 200 401 "-" "Mozilla/5.0 (Macintosh; Intel Mac OS X 10_15_7) AppleWebKit/537.36 (KHTML, like Gecko) Chrome/116.0.0.0 Safari/537.36"
146.190.103.103 - - [16/Apr/2026:21:41:55 +0800] "GET /s/8333e273e25353e2236313/_/;/META-INF/maven/com.atlassian.jira/jira-webapp-dist/pom.properties HTTP/1.1" 404 47 "-" "Mozilla/5.0 (l9scan/2.0.8333e273e25353e2236313; +https://leakix.net)"
57.129.16.41 - - [16/Apr/2026:21:41:55 +0800] "GET /awstats-icon/browser/msie.png HTTP/1.1" 200 314 "-" "Go-http-client/1.1"
138.68.86.32 - - [16/Apr/2026:21:41:55 +0800] "GET /actuator/env HTTP/1.0" 404 47 "-" "Mozilla/5.0 (l9scan/2.0.8333e273e25353e2236313; +https://leakix.net)"
57.129.16.41 - - [16/Apr/2026:21:41:56 +0800] "HEAD /awstats-icon/browser/msie_large.png HTTP/1.1" 200 - "-" "Go-http-client/1.1"
157.245.113.227 - - [16/Apr/2026:21:41:56 +0800] "GET /.well-known/security.txt HTTP/1.0" 404 47 "-" "Mozilla/5.0 (l9scan/2.0.8333e273e25353e2236313; +https://leakix.net)"
57.129.16.41 - - [16/Apr/2026:21:41:56 +0800] "GET /awstats-icon/browser/msie_large.png HTTP/1.1" 200 475 "-" "Go-http-client/1.1"
57.129.16.41 - - [16/Apr/2026:21:41:56 +0800] "HEAD /awstats-icon/browser/multizilla.png HTTP/1.1" 200 - "-" "Go-http-client/1.1"
57.129.16.41 - - [16/Apr/2026:21:41:56 +0800] "GET /awstats-icon/browser/multizilla.png HTTP/1.1" 200 289 "-" "Go-http-client/1.1"
57.129.16.41 - - [16/Apr/2026:21:41:56 +0800] "HEAD /awstats-icon/browser/ncsa_mosaic.png HTTP/1.1" 200 - "-" "Go-http-client/1.1"
57.129.16.41 - - [16/Apr/2026:21:41:56 +0800] "GET /awstats-icon/browser/ncsa_mosaic.png HTTP/1.1" 200 790 "-" "Go-http-client/1.1"
57.129.16.41 - - [16/Apr/2026:21:41:56 +0800] "HEAD /awstats-icon/browser/netnewswire.png HTTP/1.1" 200 - "-" "Go-http-client/1.1"
57.129.16.41 - - [16/Apr/2026:21:41:56 +0800] "GET /awstats-icon/browser/netnewswire.png HTTP/1.1" 200 667 "-" "Go-http-client/1.1"
57.129.16.41 - - [16/Apr/2026:21:41:56 +0800] "HEAD /awstats-icon/browser/netpositive.png HTTP/1.1" 200 - "-" "Go-http-client/1.1"
57.129.16.41 - - [16/Apr/2026:21:41:56 +0800] "GET /awstats-icon/browser/netpositive.png HTTP/1.1" 200 372 "-" "Go-http-client/1.1"
64.227.70.2 - - [16/Apr/2026:21:41:56 +0800] "GET /swagger-ui.html HTTP/1.1" 404 47 "-" "Mozilla/5.0 (l9scan/2.0.8333e273e25353e2236313; +https://leakix.net)"
146.190.103.103 - - [16/Apr/2026:21:41:56 +0800] "GET /config.json HTTP/1.1" 404 47 "-" "Mozilla/5.0 (l9scan/2.0.8333e273e25353e2236313; +https://leakix.net)"
57.129.16.41 - - [16/Apr/2026:21:41:56 +0800] "HEAD /awstats-icon/browser/netscape.png HTTP/1.1" 200 - "-" "Go-http-client/1.1"
57.129.16.41 - - [16/Apr/2026:21:41:56 +0800] "GET /awstats-icon/browser/netscape.png HTTP/1.1" 200 208 "-" "Go-http-client/1.1"
57.129.16.41 - - [16/Apr/2026:21:41:57 +0800] "HEAD /awstats-icon/browser/netscape_large.png HTTP/1.1" 200 - "-" "Go-http-client/1.1"
157.245.113.227 - - [16/Apr/2026:21:41:57 +0800] "GET /actuator/env HTTP/1.0" 404 47 "-" "Mozilla/5.0 (l9scan/2.0.8333e273e25353e2236313; +https://leakix.net)"
57.129.16.41 - - [16/Apr/2026:21:41:57 +0800] "GET /awstats-icon/browser/netscape_large.png HTTP/1.1" 200 440 "-" "Go-http-client/1.1"
57.129.16.41 - - [16/Apr/2026:21:41:57 +0800] "HEAD /awstats-icon/browser/netshow.png HTTP/1.1" 200 - "-" "Go-http-client/1.1"
57.129.16.41 - - [16/Apr/2026:21:41:57 +0800] "GET /awstats-icon/browser/netshow.png HTTP/1.1" 200 636 "-" "Go-http-client/1.1"
57.129.16.41 - - [16/Apr/2026:21:41:57 +0800] "HEAD /awstats-icon/browser/newsfire.png HTTP/1.1" 200 - "-" "Go-http-client/1.1"
57.129.16.41 - - [16/Apr/2026:21:41:57 +0800] "GET /awstats-icon/browser/newsfire.png HTTP/1.1" 200 646 "-" "Go-http-client/1.1"
57.129.16.41 - - [16/Apr/2026:21:41:57 +0800] "HEAD /awstats-icon/browser/newsgator.png HTTP/1.1" 200 - "-" "Go-http-client/1.1"
57.129.16.41 - - [16/Apr/2026:21:41:57 +0800] "GET /awstats-icon/browser/newsgator.png HTTP/1.1" 200 550 "-" "Go-http-client/1.1"
57.129.16.41 - - [16/Apr/2026:21:41:57 +0800] "HEAD /awstats-icon/browser/newzcrawler.png HTTP/1.1" 200 - "-" "Go-http-client/1.1"
64.227.70.2 - - [16/Apr/2026:21:41:57 +0800] "GET /swagger/index.html HTTP/1.1" 404 47 "-" "Mozilla/5.0 (l9scan/2.0.8333e273e25353e2236313; +https://leakix.net)"
138.68.86.32 - - [16/Apr/2026:21:41:57 +0800] "GET /swagger-ui.html HTTP/1.0" 404 47 "-" "Mozilla/5.0 (l9scan/2.0.8333e273e25353e2236313; +https://leakix.net)"
138.68.86.32 - - [16/Apr/2026:21:41:58 +0800] "GET /swagger/index.html HTTP/1.0" 404 47 "-" "Mozilla/5.0 (l9scan/2.0.8333e273e25353e2236313; +https://leakix.net)"
57.129.16.41 - - [16/Apr/2026:21:41:58 +0800] "GET /awstats-icon/browser/newzcrawler.png HTTP/1.1" 200 980 "-" "Go-http-client/1.1"
57.129.16.41 - - [16/Apr/2026:21:41:58 +0800] "HEAD /awstats-icon/browser/sagem.png HTTP/1.1" 200 - "-" "Go-http-client/1.1"
57.129.16.41 - - [16/Apr/2026:21:41:58 +0800] "GET /awstats-icon/browser/sagem.png HTTP/1.1" 200 600 "-" "Go-http-client/1.1"
146.190.103.103 - - [16/Apr/2026:21:41:58 +0800] "GET /telescope/requests HTTP/1.1" 404 47 "-" "Mozilla/5.0 (l9scan/2.0.8333e273e25353e2236313; +https://leakix.net)"
64.227.70.2 - - [16/Apr/2026:21:41:58 +0800] "GET /swagger/swagger-ui.html HTTP/1.1" 404 47 "-" "Mozilla/5.0 (l9scan/2.0.8333e273e25353e2236313; +https://leakix.net)"
57.129.16.41 - - [16/Apr/2026:21:41:58 +0800] "HEAD /awstats-icon/browser/nokia.png HTTP/1.1" 200 - "-" "Go-http-client/1.1"
57.129.16.41 - - [16/Apr/2026:21:41:58 +0800] "GET /awstats-icon/browser/nokia.png HTTP/1.1" 200 397 "-" "Go-http-client/1.1"
57.129.16.41 - - [16/Apr/2026:21:41:58 +0800] "HEAD /awstats-icon/browser/samsung.png HTTP/1.1" 200 - "-" "Go-http-client/1.1"
57.129.16.41 - - [16/Apr/2026:21:41:59 +0800] "GET /awstats-icon/browser/samsung.png HTTP/1.1" 200 371 "-" "Go-http-client/1.1"
157.245.113.227 - - [16/Apr/2026:21:41:59 +0800] "GET /swagger-ui.html HTTP/1.0" 404 47 "-" "Mozilla/5.0 (l9scan/2.0.8333e273e25353e2236313; +https://leakix.net)"
57.129.16.41 - - [16/Apr/2026:21:41:59 +0800] "HEAD /awstats-icon/browser/notavailable.png HTTP/1.1" 200 - "-" "Go-http-client/1.1"
57.129.16.41 - - [16/Apr/2026:21:41:59 +0800] "GET /awstats-icon/browser/notavailable.png HTTP/1.1" 200 241 "-" "Go-http-client/1.1"
57.129.16.41 - - [16/Apr/2026:21:41:59 +0800] "HEAD /awstats-icon/browser/sharp.png HTTP/1.1" 200 - "-" "Go-http-client/1.1"
57.129.16.41 - - [16/Apr/2026:21:41:59 +0800] "GET /awstats-icon/browser/sharp.png HTTP/1.1" 200 299 "-" "Go-http-client/1.1"
57.129.16.41 - - [16/Apr/2026:21:41:59 +0800] "HEAD /awstats-icon/browser/omniweb.png HTTP/1.1" 200 - "-" "Go-http-client/1.1"
57.129.16.41 - - [16/Apr/2026:21:41:59 +0800] "HEAD /awstats-icon/browser/sharpreader.png HTTP/1.1" 200 - "-" "Go-http-client/1.1"
57.129.16.41 - - [16/Apr/2026:21:41:59 +0800] "GET /awstats-icon/browser/omniweb.png HTTP/1.1" 200 355 "-" "Go-http-client/1.1"
57.129.16.41 - - [16/Apr/2026:21:41:59 +0800] "GET /awstats-icon/browser/sharpreader.png HTTP/1.1" 200 651 "-" "Go-http-client/1.1"
146.190.103.103 - - [16/Apr/2026:21:41:59 +0800] "GET /info.php HTTP/1.1" 404 47 "-" "Mozilla/5.0 (l9scan/2.0.8333e273e25353e2236313; +https://leakix.net)"
57.129.16.41 - - [16/Apr/2026:21:41:59 +0800] "HEAD /awstats-icon/browser/opera.png HTTP/1.1" 200 - "-" "Go-http-client/1.1"
57.129.16.41 - - [16/Apr/2026:21:41:59 +0800] "HEAD /awstats-icon/browser/shrook.png HTTP/1.1" 200 - "-" "Go-http-client/1.1"
57.129.16.41 - - [16/Apr/2026:21:41:59 +0800] "GET /awstats-icon/browser/opera.png HTTP/1.1" 200 284 "-" "Go-http-client/1.1"
57.129.16.41 - - [16/Apr/2026:21:41:59 +0800] "GET /awstats-icon/browser/shrook.png HTTP/1.1" 200 600 "-" "Go-http-client/1.1"
57.129.16.41 - - [16/Apr/2026:21:41:59 +0800] "HEAD /awstats-icon/browser/panasonic.png HTTP/1.1" 200 - "-" "Go-http-client/1.1"
57.129.16.41 - - [16/Apr/2026:21:41:59 +0800] "HEAD /awstats-icon/browser/siemens.png HTTP/1.1" 200 - "-" "Go-http-client/1.1"
57.129.16.41 - - [16/Apr/2026:21:41:59 +0800] "GET /awstats-icon/browser/panasonic.png HTTP/1.1" 200 302 "-" "Go-http-client/1.1"
57.129.16.41 - - [16/Apr/2026:21:41:59 +0800] "GET /awstats-icon/browser/siemens.png HTTP/1.1" 200 277 "-" "Go-http-client/1.1"
138.68.86.32 - - [16/Apr/2026:21:41:59 +0800] "GET /swagger/swagger-ui.html HTTP/1.0" 404 47 "-" "Mozilla/5.0 (l9scan/2.0.8333e273e25353e2236313; +https://leakix.net)"
64.227.70.2 - - [16/Apr/2026:21:41:59 +0800] "GET /webjars/swagger-ui/index.html HTTP/1.1" 404 47 "-" "Mozilla/5.0 (l9scan/2.0.8333e273e25353e2236313; +https://leakix.net)"
57.129.16.41 - - [16/Apr/2026:21:41:59 +0800] "HEAD /awstats-icon/browser/pdaphone.png HTTP/1.1" 200 - "-" "Go-http-client/1.1"
57.129.16.41 - - [16/Apr/2026:21:41:59 +0800] "HEAD /awstats-icon/browser/sony.png HTTP/1.1" 200 - "-" "Go-http-client/1.1"
157.245.113.227 - - [16/Apr/2026:21:42:00 +0800] "GET /swagger/index.html HTTP/1.0" 404 47 "-" "Mozilla/5.0 (l9scan/2.0.8333e273e25353e2236313; +https://leakix.net)"
146.190.103.103 - - [16/Apr/2026:21:42:00 +0800] "GET /actuator/env HTTP/1.1" 404 47 "-" "Mozilla/5.0 (l9scan/2.0.8333e273e25353e2236313; +https://leakix.net)"
64.227.70.2 - - [16/Apr/2026:21:42:00 +0800] "GET /swagger.json HTTP/1.1" 404 47 "-" "Mozilla/5.0 (l9scan/2.0.8333e273e25353e2236313; +https://leakix.net)"
138.68.86.32 - - [16/Apr/2026:21:42:00 +0800] "GET /webjars/swagger-ui/index.html HTTP/1.0" 404 47 "-" "Mozilla/5.0 (l9scan/2.0.8333e273e25353e2236313; +https://leakix.net)"
57.129.16.41 - - [16/Apr/2026:21:42:00 +0800] "GET /awstats-icon/browser/sony.png HTTP/1.1" 200 1049 "-" "Go-http-client/1.1"
57.129.16.41 - - [16/Apr/2026:21:42:00 +0800] "GET /awstats-icon/browser/pdaphone.png HTTP/1.1" 200 351 "-" "Go-http-client/1.1"
57.129.16.41 - - [16/Apr/2026:21:42:01 +0800] "HEAD /awstats-icon/browser/staroffice.png HTTP/1.1" 200 - "-" "Go-http-client/1.1"
154.28.229.31 - - [16/Apr/2026:21:42:00 +0800] "GET /%3FC%3DN%3BO%3DD HTTP/1.0" 404 47 "-" "Mozilla/5.0 (Macintosh; Intel Mac OS X 10_15_7) AppleWebKit/537.36 (KHTML, like Gecko) Chrome/116.0.0.0 Safari/537.36"
57.129.16.41 - - [16/Apr/2026:21:42:01 +0800] "HEAD /awstats-icon/browser/philips.png HTTP/1.1" 200 - "-" "Go-http-client/1.1"
57.129.16.41 - - [16/Apr/2026:21:42:01 +0800] "GET /awstats-icon/browser/staroffice.png HTTP/1.1" 200 269 "-" "Go-http-client/1.1"
57.129.16.41 - - [16/Apr/2026:21:42:01 +0800] "GET /awstats-icon/browser/philips.png HTTP/1.1" 200 686 "-" "Go-http-client/1.1"
157.245.113.227 - - [16/Apr/2026:21:42:01 +0800] "GET /swagger/swagger-ui.html HTTP/1.0" 404 47 "-" "Mozilla/5.0 (l9scan/2.0.8333e273e25353e2236313; +https://leakix.net)"
57.129.16.41 - - [16/Apr/2026:21:42:01 +0800] "HEAD /awstats-icon/browser/teleport.png HTTP/1.1" 200 - "-" "Go-http-client/1.1"
57.129.16.41 - - [16/Apr/2026:21:42:01 +0800] "HEAD /awstats-icon/browser/phoenix.png HTTP/1.1" 200 - "-" "Go-http-client/1.1"
57.129.16.41 - - [16/Apr/2026:21:42:01 +0800] "GET /awstats-icon/browser/teleport.png HTTP/1.1" 200 228 "-" "Go-http-client/1.1"
57.129.16.41 - - [16/Apr/2026:21:42:01 +0800] "GET /awstats-icon/browser/phoenix.png HTTP/1.1" 200 514 "-" "Go-http-client/1.1"
57.129.16.41 - - [16/Apr/2026:21:42:01 +0800] "HEAD /awstats-icon/browser/trium.png HTTP/1.1" 200 - "-" "Go-http-client/1.1"
57.129.16.41 - - [16/Apr/2026:21:42:01 +0800] "HEAD /awstats-icon/browser/pluck.png HTTP/1.1" 200 - "-" "Go-http-client/1.1"
57.129.16.41 - - [16/Apr/2026:21:42:01 +0800] "GET /awstats-icon/browser/trium.png HTTP/1.1" 200 424 "-" "Go-http-client/1.1"
57.129.16.41 - - [16/Apr/2026:21:42:01 +0800] "GET /awstats-icon/browser/pluck.png HTTP/1.1" 200 662 "-" "Go-http-client/1.1"
57.129.16.41 - - [16/Apr/2026:21:42:01 +0800] "HEAD /awstats-icon/browser/unknown.png HTTP/1.1" 200 - "-" "Go-http-client/1.1"
154.28.229.31 - - [16/Apr/2026:21:42:01 +0800] "GET /homes/ HTTP/1.0" 200 286 "-" "Mozilla/5.0 (Macintosh; Intel Mac OS X 10_15_7) AppleWebKit/537.36 (KHTML, like Gecko) Chrome/116.0.0.0 Safari/537.36"
57.129.16.41 - - [16/Apr/2026:21:42:01 +0800] "HEAD /awstats-icon/browser/pulpfiction.png HTTP/1.1" 200 - "-" "Go-http-client/1.1"
57.129.16.41 - - [16/Apr/2026:21:42:01 +0800] "GET /awstats-icon/browser/unknown.png HTTP/1.1" 200 218 "-" "Go-http-client/1.1"
57.129.16.41 - - [16/Apr/2026:21:42:01 +0800] "GET /awstats-icon/browser/pulpfiction.png HTTP/1.1" 200 689 "-" "Go-http-client/1.1"
57.129.16.41 - - [16/Apr/2026:21:42:01 +0800] "HEAD /awstats-icon/browser/w3c.png HTTP/1.1" 200 - "-" "Go-http-client/1.1"
57.129.16.41 - - [16/Apr/2026:21:42:01 +0800] "HEAD /awstats-icon/browser/real.png HTTP/1.1" 200 - "-" "Go-http-client/1.1"
57.129.16.41 - - [16/Apr/2026:21:42:01 +0800] "GET /awstats-icon/browser/w3c.png HTTP/1.1" 200 580 "-" "Go-http-client/1.1"
57.129.16.41 - - [16/Apr/2026:21:42:01 +0800] "GET /awstats-icon/browser/real.png HTTP/1.1" 200 1406 "-" "Go-http-client/1.1"
138.68.86.32 - - [16/Apr/2026:21:42:01 +0800] "GET /swagger.json HTTP/1.0" 404 47 "-" "Mozilla/5.0 (l9scan/2.0.8333e273e25353e2236313; +https://leakix.net)"
57.129.16.41 - - [16/Apr/2026:21:42:01 +0800] "HEAD /awstats-icon/browser/webcopier.png HTTP/1.1" 200 - "-" "Go-http-client/1.1"
64.227.70.2 - - [16/Apr/2026:21:42:02 +0800] "GET /swagger/v1/swagger.json HTTP/1.1" 404 47 "-" "Mozilla/5.0 (l9scan/2.0.8333e273e25353e2236313; +https://leakix.net)"
157.245.113.227 - - [16/Apr/2026:21:42:02 +0800] "GET /webjars/swagger-ui/index.html HTTP/1.0" 404 47 "-" "Mozilla/5.0 (l9scan/2.0.8333e273e25353e2236313; +https://leakix.net)"
154.28.229.31 - - [16/Apr/2026:21:42:02 +0800] "GET /icon/ HTTP/1.0" 200 387 "-" "Mozilla/5.0 (Macintosh; Intel Mac OS X 10_15_7) AppleWebKit/537.36 (KHTML, like Gecko) Chrome/116.0.0.0 Safari/537.36"
146.190.103.103 - - [16/Apr/2026:21:42:02 +0800] "GET /swagger-ui.html HTTP/1.1" 404 47 "-" "Mozilla/5.0 (l9scan/2.0.8333e273e25353e2236313; +https://leakix.net)"
138.68.86.32 - - [16/Apr/2026:21:42:02 +0800] "GET /swagger/v1/swagger.json HTTP/1.0" 404 47 "-" "Mozilla/5.0 (l9scan/2.0.8333e273e25353e2236313; +https://leakix.net)"
64.227.70.2 - - [16/Apr/2026:21:42:02 +0800] "GET /v2/api-docs HTTP/1.1" 404 47 "-" "Mozilla/5.0 (l9scan/2.0.8333e273e25353e2236313; +https://leakix.net)"
57.129.16.41 - - [16/Apr/2026:21:42:02 +0800] "GET /awstats-icon/browser/webcopier.png HTTP/1.1" 200 281 "-" "Go-http-client/1.1"
57.129.16.41 - - [16/Apr/2026:21:42:02 +0800] "HEAD /awstats-icon/browser/rss.png HTTP/1.1" 200 - "-" "Go-http-client/1.1"
57.129.16.41 - - [16/Apr/2026:21:42:02 +0800] "GET /awstats-icon/browser/rss.png HTTP/1.1" 200 403 "-" "Go-http-client/1.1"
57.129.16.41 - - [16/Apr/2026:21:42:03 +0800] "HEAD /awstats-icon/browser/webtv.png HTTP/1.1" 200 - "-" "Go-http-client/1.1"
57.129.16.41 - - [16/Apr/2026:21:42:03 +0800] "HEAD /awstats-icon/browser/rssbandit.png HTTP/1.1" 200 - "-" "Go-http-client/1.1"
57.129.16.41 - - [16/Apr/2026:21:42:03 +0800] "GET /awstats-icon/browser/webtv.png HTTP/1.1" 200 319 "-" "Go-http-client/1.1"
57.129.16.41 - - [16/Apr/2026:21:42:03 +0800] "GET /awstats-icon/browser/rssbandit.png HTTP/1.1" 200 642 "-" "Go-http-client/1.1"
157.245.113.227 - - [16/Apr/2026:21:42:03 +0800] "GET /swagger.json HTTP/1.0" 404 47 "-" "Mozilla/5.0 (l9scan/2.0.8333e273e25353e2236313; +https://leakix.net)"
57.129.16.41 - - [16/Apr/2026:21:42:03 +0800] "HEAD /awstats-icon/browser/webzip.png HTTP/1.1" 200 - "-" "Go-http-client/1.1"
57.129.16.41 - - [16/Apr/2026:21:42:03 +0800] "GET /awstats-icon/browser/webzip.png HTTP/1.1" 200 257 "-" "Go-http-client/1.1"
57.129.16.41 - - [16/Apr/2026:21:42:03 +0800] "HEAD /awstats-icon/browser/rssowl.png HTTP/1.1" 200 - "-" "Go-http-client/1.1"
57.129.16.41 - - [16/Apr/2026:21:42:03 +0800] "GET /awstats-icon/browser/rssowl.png HTTP/1.1" 200 674 "-" "Go-http-client/1.1"
57.129.16.41 - - [16/Apr/2026:21:42:03 +0800] "GET /awstats-icon/clock/ HTTP/1.1" 200 454 "-" "Go-http-client/1.1"
57.129.16.41 - - [16/Apr/2026:21:42:03 +0800] "HEAD /awstats-icon/clock/hr1.png HTTP/1.1" 200 - "-" "Go-http-client/1.1"
57.129.16.41 - - [16/Apr/2026:21:42:03 +0800] "HEAD /awstats-icon/browser/rssreader.png HTTP/1.1" 200 - "-" "Go-http-client/1.1"
57.129.16.41 - - [16/Apr/2026:21:42:03 +0800] "GET /awstats-icon/clock/hr1.png HTTP/1.1" 200 318 "-" "Go-http-client/1.1"
146.190.103.103 - - [16/Apr/2026:21:42:03 +0800] "GET /swagger/index.html HTTP/1.1" 404 47 "-" "Mozilla/5.0 (l9scan/2.0.8333e273e25353e2236313; +https://leakix.net)"
57.129.16.41 - - [16/Apr/2026:21:42:03 +0800] "GET /awstats-icon/browser/rssreader.png HTTP/1.1" 200 1053 "-" "Go-http-client/1.1"
57.129.16.41 - - [16/Apr/2026:21:42:03 +0800] "HEAD /awstats-icon/clock/hr2.png HTTP/1.1" 200 - "-" "Go-http-client/1.1"
154.28.229.31 - - [16/Apr/2026:21:42:03 +0800] "GET /homes/%3FC%3DN%3BO%3DD HTTP/1.0" 404 47 "-" "Mozilla/5.0 (Macintosh; Intel Mac OS X 10_15_7) AppleWebKit/537.36 (KHTML, like Gecko) Chrome/116.0.0.0 Safari/537.36"
57.129.16.41 - - [16/Apr/2026:21:42:03 +0800] "GET /awstats-icon/clock/hr2.png HTTP/1.1" 200 320 "-" "Go-http-client/1.1"
57.129.16.41 - - [16/Apr/2026:21:42:03 +0800] "HEAD /awstats-icon/browser/safari.png HTTP/1.1" 200 - "-" "Go-http-client/1.1"
57.129.16.41 - - [16/Apr/2026:21:42:03 +0800] "GET /awstats-icon/browser/safari.png HTTP/1.1" 200 324 "-" "Go-http-client/1.1"
57.129.16.41 - - [16/Apr/2026:21:42:03 +0800] "HEAD /awstats-icon/clock/hr3.png HTTP/1.1" 200 - "-" "Go-http-client/1.1"
64.227.70.2 - - [16/Apr/2026:21:42:03 +0800] "GET /v3/api-docs HTTP/1.1" 404 47 "-" "Mozilla/5.0 (l9scan/2.0.8333e273e25353e2236313; +https://leakix.net)"
138.68.86.32 - - [16/Apr/2026:21:42:03 +0800] "GET /v2/api-docs HTTP/1.0" 404 47 "-" "Mozilla/5.0 (l9scan/2.0.8333e273e25353e2236313; +https://leakix.net)"
157.245.113.227 - - [16/Apr/2026:21:42:04 +0800] "GET /swagger/v1/swagger.json HTTP/1.0" 404 47 "-" "Mozilla/5.0 (l9scan/2.0.8333e273e25353e2236313; +https://leakix.net)"
146.190.103.103 - - [16/Apr/2026:21:42:04 +0800] "GET /swagger/swagger-ui.html HTTP/1.1" 404 47 "-" "Mozilla/5.0 (l9scan/2.0.8333e273e25353e2236313; +https://leakix.net)"
154.28.229.31 - - [16/Apr/2026:21:42:04 +0800] "GET /icon/%3FC%3DN%3BO%3DD HTTP/1.0" 404 47 "-" "Mozilla/5.0 (Macintosh; Intel Mac OS X 10_15_7) AppleWebKit/537.36 (KHTML, like Gecko) Chrome/116.0.0.0 Safari/537.36"
154.28.229.31 - - [16/Apr/2026:21:42:04 +0800] "GET /%3FC%3DS%3BO%3DA HTTP/1.0" 404 47 "-" "Mozilla/5.0 (Macintosh; Intel Mac OS X 10_15_7) AppleWebKit/537.36 (KHTML, like Gecko) Chrome/116.0.0.0 Safari/537.36"
154.28.229.31 - - [16/Apr/2026:21:42:04 +0800] "GET /%3FC%3DD%3BO%3DA HTTP/1.0" 404 47 "-" "Mozilla/5.0 (Macintosh; Intel Mac OS X 10_15_7) AppleWebKit/537.36 (KHTML, like Gecko) Chrome/116.0.0.0 Safari/537.36"
154.28.229.31 - - [16/Apr/2026:21:42:04 +0800] "GET /Maildir/ HTTP/1.0" 200 343 "-" "Mozilla/5.0 (Macintosh; Intel Mac OS X 10_15_7) AppleWebKit/537.36 (KHTML, like Gecko) Chrome/116.0.0.0 Safari/537.36"
57.129.16.41 - - [16/Apr/2026:21:42:04 +0800] "GET /awstats-icon/clock/hr3.png HTTP/1.1" 200 302 "-" "Go-http-client/1.1"
57.129.16.41 - - [16/Apr/2026:21:42:04 +0800] "HEAD /awstats-icon/browser/sagem.png HTTP/1.1" 200 - "-" "Go-http-client/1.1"
57.129.16.41 - - [16/Apr/2026:21:42:04 +0800] "GET /awstats-icon/browser/sagem.png HTTP/1.1" 200 600 "-" "Go-http-client/1.1"
64.227.70.2 - - [16/Apr/2026:21:42:04 +0800] "GET /api-docs/swagger.json HTTP/1.1" 404 47 "-" "Mozilla/5.0 (l9scan/2.0.8333e273e25353e2236313; +https://leakix.net)"
138.68.86.32 - - [16/Apr/2026:21:42:04 +0800] "GET /v3/api-docs HTTP/1.0" 404 47 "-" "Mozilla/5.0 (l9scan/2.0.8333e273e25353e2236313; +https://leakix.net)"
57.129.16.41 - - [16/Apr/2026:21:42:04 +0800] "HEAD /awstats-icon/clock/hr4.png HTTP/1.1" 200 - "-" "Go-http-client/1.1"
57.129.16.41 - - [16/Apr/2026:21:42:04 +0800] "GET /awstats-icon/clock/hr4.png HTTP/1.1" 200 302 "-" "Go-http-client/1.1"
154.28.229.31 - - [16/Apr/2026:21:42:04 +0800] "GET /awstats-icon/ HTTP/1.0" 200 393 "-" "Mozilla/5.0 (Macintosh; Intel Mac OS X 10_15_7) AppleWebKit/537.36 (KHTML, like Gecko) Chrome/116.0.0.0 Safari/537.36"
57.129.16.41 - - [16/Apr/2026:21:42:04 +0800] "HEAD /awstats-icon/browser/samsung.png HTTP/1.1" 200 - "-" "Go-http-client/1.1"
57.129.16.41 - - [16/Apr/2026:21:42:04 +0800] "GET /awstats-icon/browser/samsung.png HTTP/1.1" 200 371 "-" "Go-http-client/1.1"
154.28.229.31 - - [16/Apr/2026:21:42:04 +0800] "GET /awstatsicons/ HTTP/1.0" 200 392 "-" "Mozilla/5.0 (Macintosh; Intel Mac OS X 10_15_7) AppleWebKit/537.36 (KHTML, like Gecko) Chrome/116.0.0.0 Safari/537.36"
57.129.16.41 - - [16/Apr/2026:21:42:05 +0800] "HEAD /awstats-icon/clock/hr5.png HTTP/1.1" 200 - "-" "Go-http-client/1.1"
154.28.229.31 - - [16/Apr/2026:21:42:04 +0800] "GET /logs/ HTTP/1.0" 200 335 "-" "Mozilla/5.0 (Macintosh; Intel Mac OS X 10_15_7) AppleWebKit/537.36 (KHTML, like Gecko) Chrome/116.0.0.0 Safari/537.36"
57.129.16.41 - - [16/Apr/2026:21:42:05 +0800] "GET /awstats-icon/clock/hr5.png HTTP/1.1" 200 311 "-" "Go-http-client/1.1"
157.245.113.227 - - [16/Apr/2026:21:42:05 +0800] "GET /v2/api-docs HTTP/1.0" 404 47 "-" "Mozilla/5.0 (l9scan/2.0.8333e273e25353e2236313; +https://leakix.net)"
57.129.16.41 - - [16/Apr/2026:21:42:05 +0800] "HEAD /awstats-icon/browser/sharp.png HTTP/1.1" 200 - "-" "Go-http-client/1.1"
57.129.16.41 - - [16/Apr/2026:21:42:05 +0800] "GET /awstats-icon/browser/sharp.png HTTP/1.1" 200 299 "-" "Go-http-client/1.1"
57.129.16.41 - - [16/Apr/2026:21:42:05 +0800] "HEAD /awstats-icon/clock/hr6.png HTTP/1.1" 200 - "-" "Go-http-client/1.1"
154.28.229.31 - - [16/Apr/2026:21:42:05 +0800] "GET /cgi-bin/ HTTP/1.0" 403 47 "-" "Mozilla/5.0 (Macintosh; Intel Mac OS X 10_15_7) AppleWebKit/537.36 (KHTML, like Gecko) Chrome/116.0.0.0 Safari/537.36"
57.129.16.41 - - [16/Apr/2026:21:42:05 +0800] "GET /awstats-icon/clock/hr6.png HTTP/1.1" 200 314 "-" "Go-http-client/1.1"
57.129.16.41 - - [16/Apr/2026:21:42:05 +0800] "HEAD /awstats-icon/browser/sharpreader.png HTTP/1.1" 200 - "-" "Go-http-client/1.1"
57.129.16.41 - - [16/Apr/2026:21:42:05 +0800] "GET /awstats-icon/browser/sharpreader.png HTTP/1.1" 200 651 "-" "Go-http-client/1.1"
57.129.16.41 - - [16/Apr/2026:21:42:05 +0800] "HEAD /awstats-icon/clock/hr7.png HTTP/1.1" 200 - "-" "Go-http-client/1.1"
57.129.16.41 - - [16/Apr/2026:21:42:05 +0800] "GET /awstats-icon/clock/hr7.png HTTP/1.1" 200 316 "-" "Go-http-client/1.1"
57.129.16.41 - - [16/Apr/2026:21:42:05 +0800] "HEAD /awstats-icon/browser/shrook.png HTTP/1.1" 200 - "-" "Go-http-client/1.1"
57.129.16.41 - - [16/Apr/2026:21:42:05 +0800] "GET /awstats-icon/browser/shrook.png HTTP/1.1" 200 600 "-" "Go-http-client/1.1"
146.190.103.103 - - [16/Apr/2026:21:42:05 +0800] "GET /webjars/swagger-ui/index.html HTTP/1.1" 404 47 "-" "Mozilla/5.0 (l9scan/2.0.8333e273e25353e2236313; +https://leakix.net)"
57.129.16.41 - - [16/Apr/2026:21:42:05 +0800] "HEAD /awstats-icon/clock/hr8.png HTTP/1.1" 200 - "-" "Go-http-client/1.1"
57.129.16.41 - - [16/Apr/2026:21:42:05 +0800] "GET /awstats-icon/clock/hr8.png HTTP/1.1" 200 312 "-" "Go-http-client/1.1"
57.129.16.41 - - [16/Apr/2026:21:42:05 +0800] "HEAD /awstats-icon/browser/siemens.png HTTP/1.1" 200 - "-" "Go-http-client/1.1"
57.129.16.41 - - [16/Apr/2026:21:42:05 +0800] "GET /awstats-icon/browser/siemens.png HTTP/1.1" 200 277 "-" "Go-http-client/1.1"
154.28.229.31 - - [16/Apr/2026:21:42:05 +0800] "GET /stats/ HTTP/1.0" 200 286 "-" "Mozilla/5.0 (Macintosh; Intel Mac OS X 10_15_7) AppleWebKit/537.36 (KHTML, like Gecko) Chrome/116.0.0.0 Safari/537.36"
57.129.16.41 - - [16/Apr/2026:21:42:05 +0800] "HEAD /awstats-icon/clock/hr9.png HTTP/1.1" 200 - "-" "Go-http-client/1.1"
57.129.16.41 - - [16/Apr/2026:21:42:05 +0800] "HEAD /awstats-icon/browser/sony.png HTTP/1.1" 200 - "-" "Go-http-client/1.1"
138.68.86.32 - - [16/Apr/2026:21:42:05 +0800] "GET /api-docs/swagger.json HTTP/1.0" 404 47 "-" "Mozilla/5.0 (l9scan/2.0.8333e273e25353e2236313; +https://leakix.net)"
64.227.70.2 - - [16/Apr/2026:21:42:05 +0800] "GET /api/swagger.json HTTP/1.1" 404 47 "-" "Mozilla/5.0 (l9scan/2.0.8333e273e25353e2236313; +https://leakix.net)"
154.28.229.31 - - [16/Apr/2026:21:42:06 +0800] "GET /%3FC%3DM%3BO%3DA HTTP/1.0" 404 47 "-" "Mozilla/5.0 (Macintosh; Intel Mac OS X 10_15_7) AppleWebKit/537.36 (KHTML, like Gecko) Chrome/116.0.0.0 Safari/537.36"
157.245.113.227 - - [16/Apr/2026:21:42:06 +0800] "GET /v3/api-docs HTTP/1.0" 404 47 "-" "Mozilla/5.0 (l9scan/2.0.8333e273e25353e2236313; +https://leakix.net)"
146.190.103.103 - - [16/Apr/2026:21:42:06 +0800] "GET /swagger.json HTTP/1.1" 404 47 "-" "Mozilla/5.0 (l9scan/2.0.8333e273e25353e2236313; +https://leakix.net)"
57.129.16.41 - - [16/Apr/2026:21:42:06 +0800] "GET /awstats-icon/clock/hr9.png HTTP/1.1" 200 304 "-" "Go-http-client/1.1"
57.129.16.41 - - [16/Apr/2026:21:42:06 +0800] "GET /awstats-icon/browser/sony.png HTTP/1.1" 200 1049 "-" "Go-http-client/1.1"
57.129.16.41 - - [16/Apr/2026:21:42:06 +0800] "HEAD /awstats-icon/clock/hr10.png HTTP/1.1" 200 - "-" "Go-http-client/1.1"
138.68.86.32 - - [16/Apr/2026:21:42:06 +0800] "GET /api/swagger.json HTTP/1.0" 404 47 "-" "Mozilla/5.0 (l9scan/2.0.8333e273e25353e2236313; +https://leakix.net)"
57.129.16.41 - - [16/Apr/2026:21:42:06 +0800] "GET /awstats-icon/clock/hr10.png HTTP/1.1" 200 306 "-" "Go-http-client/1.1"
57.129.16.41 - - [16/Apr/2026:21:42:06 +0800] "HEAD /awstats-icon/browser/staroffice.png HTTP/1.1" 200 - "-" "Go-http-client/1.1"
57.129.16.41 - - [16/Apr/2026:21:42:06 +0800] "GET /awstats-icon/browser/staroffice.png HTTP/1.1" 200 269 "-" "Go-http-client/1.1"
57.129.16.41 - - [16/Apr/2026:21:42:06 +0800] "HEAD /awstats-icon/clock/hr11.png HTTP/1.1" 200 - "-" "Go-http-client/1.1"
57.129.16.41 - - [16/Apr/2026:21:42:07 +0800] "GET /awstats-icon/clock/hr11.png HTTP/1.1" 200 318 "-" "Go-http-client/1.1"
64.227.70.2 - - [16/Apr/2026:21:42:06 +0800] "GET /trace.axd HTTP/1.1" 500 634 "-" "Mozilla/5.0 (l9scan/2.0.8333e273e25353e2236313; +https://leakix.net)"
57.129.16.41 - - [16/Apr/2026:21:42:07 +0800] "HEAD /awstats-icon/browser/teleport.png HTTP/1.1" 200 - "-" "Go-http-client/1.1"
57.129.16.41 - - [16/Apr/2026:21:42:07 +0800] "GET /awstats-icon/browser/teleport.png HTTP/1.1" 200 228 "-" "Go-http-client/1.1"
157.245.113.227 - - [16/Apr/2026:21:42:07 +0800] "GET /api-docs/swagger.json HTTP/1.0" 404 47 "-" "Mozilla/5.0 (l9scan/2.0.8333e273e25353e2236313; +https://leakix.net)"
57.129.16.41 - - [16/Apr/2026:21:42:07 +0800] "HEAD /awstats-icon/clock/hr12.png HTTP/1.1" 200 - "-" "Go-http-client/1.1"
57.129.16.41 - - [16/Apr/2026:21:42:07 +0800] "GET /awstats-icon/clock/hr12.png HTTP/1.1" 200 320 "-" "Go-http-client/1.1"
57.129.16.41 - - [16/Apr/2026:21:42:07 +0800] "GET /awstats-icon/cpu/ HTTP/1.1" 200 466 "-" "Go-http-client/1.1"
57.129.16.41 - - [16/Apr/2026:21:42:07 +0800] "HEAD /awstats-icon/browser/trium.png HTTP/1.1" 200 - "-" "Go-http-client/1.1"
57.129.16.41 - - [16/Apr/2026:21:42:07 +0800] "GET /awstats-icon/browser/trium.png HTTP/1.1" 200 424 "-" "Go-http-client/1.1"
154.28.229.31 - - [16/Apr/2026:21:42:07 +0800] "GET /homes/%3FC%3DS%3BO%3DA HTTP/1.0" 404 47 "-" "Mozilla/5.0 (Macintosh; Intel Mac OS X 10_15_7) AppleWebKit/537.36 (KHTML, like Gecko) Chrome/116.0.0.0 Safari/537.36"
57.129.16.41 - - [16/Apr/2026:21:42:07 +0800] "HEAD /awstats-icon/cpu/digital.png HTTP/1.1" 200 - "-" "Go-http-client/1.1"
57.129.16.41 - - [16/Apr/2026:21:42:07 +0800] "GET /awstats-icon/cpu/digital.png HTTP/1.1" 200 262 "-" "Go-http-client/1.1"
57.129.16.41 - - [16/Apr/2026:21:42:07 +0800] "HEAD /awstats-icon/browser/unknown.png HTTP/1.1" 200 - "-" "Go-http-client/1.1"
57.129.16.41 - - [16/Apr/2026:21:42:07 +0800] "GET /awstats-icon/browser/unknown.png HTTP/1.1" 200 218 "-" "Go-http-client/1.1"
146.190.103.103 - - [16/Apr/2026:21:42:07 +0800] "GET /swagger/v1/swagger.json HTTP/1.1" 404 47 "-" "Mozilla/5.0 (l9scan/2.0.8333e273e25353e2236313; +https://leakix.net)"
154.28.229.31 - - [16/Apr/2026:21:42:07 +0800] "GET /homes/%3FC%3DD%3BO%3DA HTTP/1.0" 404 47 "-" "Mozilla/5.0 (Macintosh; Intel Mac OS X 10_15_7) AppleWebKit/537.36 (KHTML, like Gecko) Chrome/116.0.0.0 Safari/537.36"
57.129.16.41 - - [16/Apr/2026:21:42:07 +0800] "HEAD /awstats-icon/browser/w3c.png HTTP/1.1" 200 - "-" "Go-http-client/1.1"
154.28.229.31 - - [16/Apr/2026:21:42:07 +0800] "GET /homes/%3FC%3DM%3BO%3DA HTTP/1.0" 404 47 "-" "Mozilla/5.0 (Macintosh; Intel Mac OS X 10_15_7) AppleWebKit/537.36 (KHTML, like Gecko) Chrome/116.0.0.0 Safari/537.36"
57.129.16.41 - - [16/Apr/2026:21:42:07 +0800] "GET /awstats-icon/browser/w3c.png HTTP/1.1" 200 580 "-" "Go-http-client/1.1"
154.28.229.31 - - [16/Apr/2026:21:42:07 +0800] "GET /Maildir/%3FC%3DN%3BO%3DD HTTP/1.0" 404 47 "-" "Mozilla/5.0 (Macintosh; Intel Mac OS X 10_15_7) AppleWebKit/537.36 (KHTML, like Gecko) Chrome/116.0.0.0 Safari/537.36"
57.129.16.41 - - [16/Apr/2026:21:42:07 +0800] "HEAD /awstats-icon/browser/webcopier.png HTTP/1.1" 200 - "-" "Go-http-client/1.1"
154.28.229.31 - - [16/Apr/2026:21:42:07 +0800] "GET / HTTP/1.0" 200 401 "-" "Mozilla/5.0 (Macintosh; Intel Mac OS X 10_15_7) AppleWebKit/537.36 (KHTML, like Gecko) Chrome/116.0.0.0 Safari/537.36"
57.129.16.41 - - [16/Apr/2026:21:42:07 +0800] "GET /awstats-icon/browser/webcopier.png HTTP/1.1" 200 281 "-" "Go-http-client/1.1"
64.227.70.2 - - [16/Apr/2026:21:42:07 +0800] "GET /@vite/env HTTP/1.1" 404 47 "-" "Mozilla/5.0 (l9scan/2.0.8333e273e25353e2236313; +https://leakix.net)"
138.68.86.32 - - [16/Apr/2026:21:42:07 +0800] "GET /trace.axd HTTP/1.0" 500 633 "-" "Mozilla/5.0 (l9scan/2.0.8333e273e25353e2236313; +https://leakix.net)"
57.129.16.41 - - [16/Apr/2026:21:42:07 +0800] "HEAD /awstats-icon/browser/webtv.png HTTP/1.1" 200 - "-" "Go-http-client/1.1"
57.129.16.41 - - [16/Apr/2026:21:42:07 +0800] "GET /awstats-icon/browser/webtv.png HTTP/1.1" 200 319 "-" "Go-http-client/1.1"
154.28.229.31 - - [16/Apr/2026:21:42:07 +0800] "GET /Maildir/%3FC%3DS%3BO%3DA HTTP/1.0" 404 47 "-" "Mozilla/5.0 (Macintosh; Intel Mac OS X 10_15_7) AppleWebKit/537.36 (KHTML, like Gecko) Chrome/116.0.0.0 Safari/537.36"
157.245.113.227 - - [16/Apr/2026:21:42:08 +0800] "GET /api/swagger.json HTTP/1.0" 404 47 "-" "Mozilla/5.0 (l9scan/2.0.8333e273e25353e2236313; +https://leakix.net)"
57.129.16.41 - - [16/Apr/2026:21:42:08 +0800] "GET /awstats-icon/clock/ HTTP/1.1" 200 454 "-" "Go-http-client/1.1"
154.28.229.31 - - [16/Apr/2026:21:42:08 +0800] "GET /Maildir/cur/ HTTP/1.0" 200 293 "-" "Mozilla/5.0 (Macintosh; Intel Mac OS X 10_15_7) AppleWebKit/537.36 (KHTML, like Gecko) Chrome/116.0.0.0 Safari/537.36"
146.190.103.103 - - [16/Apr/2026:21:42:08 +0800] "GET /v2/api-docs HTTP/1.1" 404 47 "-" "Mozilla/5.0 (l9scan/2.0.8333e273e25353e2236313; +https://leakix.net)"
57.129.16.41 - - [16/Apr/2026:21:42:08 +0800] "HEAD /awstats-icon/cpu/hp.png HTTP/1.1" 200 - "-" "Go-http-client/1.1"
57.129.16.41 - - [16/Apr/2026:21:42:08 +0800] "GET /awstats-icon/cpu/hp.png HTTP/1.1" 200 338 "-" "Go-http-client/1.1"
57.129.16.41 - - [16/Apr/2026:21:42:08 +0800] "HEAD /awstats-icon/cpu/ibm.png HTTP/1.1" 200 - "-" "Go-http-client/1.1"
154.28.229.31 - - [16/Apr/2026:21:42:08 +0800] "GET /Maildir/tmp/ HTTP/1.0" 200 292 "-" "Mozilla/5.0 (Macintosh; Intel Mac OS X 10_15_7) AppleWebKit/537.36 (KHTML, like Gecko) Chrome/116.0.0.0 Safari/537.36"
57.129.16.41 - - [16/Apr/2026:21:42:08 +0800] "GET /awstats-icon/cpu/ibm.png HTTP/1.1" 200 238 "-" "Go-http-client/1.1"
154.28.229.31 - - [16/Apr/2026:21:42:08 +0800] "GET /icon/cpu/ HTTP/1.0" 200 458 "-" "Mozilla/5.0 (Macintosh; Intel Mac OS X 10_15_7) AppleWebKit/537.36 (KHTML, like Gecko) Chrome/116.0.0.0 Safari/537.36"
57.129.16.41 - - [16/Apr/2026:21:42:08 +0800] "HEAD /awstats-icon/cpu/intel.png HTTP/1.1" 200 - "-" "Go-http-client/1.1"
57.129.16.41 - - [16/Apr/2026:21:42:08 +0800] "GET /awstats-icon/cpu/intel.png HTTP/1.1" 200 302 "-" "Go-http-client/1.1"
154.28.229.31 - - [16/Apr/2026:21:42:08 +0800] "GET /icon/os/ HTTP/1.0" 200 1187 "-" "Mozilla/5.0 (Macintosh; Intel Mac OS X 10_15_7) AppleWebKit/537.36 (KHTML, like Gecko) Chrome/116.0.0.0 Safari/537.36"
138.68.86.32 - - [16/Apr/2026:21:42:08 +0800] "GET /@vite/env HTTP/1.0" 404 47 "-" "Mozilla/5.0 (l9scan/2.0.8333e273e25353e2236313; +https://leakix.net)"
57.129.16.41 - - [16/Apr/2026:21:42:08 +0800] "HEAD /awstats-icon/cpu/java.png HTTP/1.1" 200 - "-" "Go-http-client/1.1"
154.28.229.31 - - [16/Apr/2026:21:42:08 +0800] "GET /icon/clock/ HTTP/1.0" 200 446 "-" "Mozilla/5.0 (Macintosh; Intel Mac OS X 10_15_7) AppleWebKit/537.36 (KHTML, like Gecko) Chrome/116.0.0.0 Safari/537.36"
57.129.16.41 - - [16/Apr/2026:21:42:08 +0800] "GET /awstats-icon/cpu/java.png HTTP/1.1" 200 288 "-" "Go-http-client/1.1"
154.28.229.31 - - [16/Apr/2026:21:42:08 +0800] "GET /icon/browser/ HTTP/1.0" 200 1860 "-" "Mozilla/5.0 (Macintosh; Intel Mac OS X 10_15_7) AppleWebKit/537.36 (KHTML, like Gecko) Chrome/116.0.0.0 Safari/537.36"
57.129.16.41 - - [16/Apr/2026:21:42:09 +0800] "HEAD /awstats-icon/browser/webzip.png HTTP/1.1" 200 - "-" "Go-http-client/1.1"
64.227.70.2 - - [16/Apr/2026:21:42:09 +0800] "GET /.vscode/sftp.json HTTP/1.1" 404 47 "-" "Mozilla/5.0 (l9scan/2.0.8333e273e25353e2236313; +https://leakix.net)"
57.129.16.41 - - [16/Apr/2026:21:42:09 +0800] "GET /awstats-icon/browser/webzip.png HTTP/1.1" 200 257 "-" "Go-http-client/1.1"
57.129.16.41 - - [16/Apr/2026:21:42:09 +0800] "HEAD /awstats-icon/cpu/mips.png HTTP/1.1" 200 - "-" "Go-http-client/1.1"
57.129.16.41 - - [16/Apr/2026:21:42:09 +0800] "GET /awstats-icon/cpu/mips.png HTTP/1.1" 200 317 "-" "Go-http-client/1.1"
57.129.16.41 - - [16/Apr/2026:21:42:09 +0800] "HEAD /awstats-icon/clock/hr1.png HTTP/1.1" 200 - "-" "Go-http-client/1.1"
57.129.16.41 - - [16/Apr/2026:21:42:09 +0800] "GET /awstats-icon/clock/hr1.png HTTP/1.1" 200 318 "-" "Go-http-client/1.1"
154.28.229.31 - - [16/Apr/2026:21:42:09 +0800] "GET /logs/%3FC%3DS%3BO%3DA HTTP/1.0" 404 47 "-" "Mozilla/5.0 (Macintosh; Intel Mac OS X 10_15_7) AppleWebKit/537.36 (KHTML, like Gecko) Chrome/116.0.0.0 Safari/537.36"
154.28.229.31 - - [16/Apr/2026:21:42:09 +0800] "GET /icon/%3FC%3DD%3BO%3DA HTTP/1.0" 404 47 "-" "Mozilla/5.0 (Macintosh; Intel Mac OS X 10_15_7) AppleWebKit/537.36 (KHTML, like Gecko) Chrome/116.0.0.0 Safari/537.36"
57.129.16.41 - - [16/Apr/2026:21:42:09 +0800] "HEAD /awstats-icon/clock/hr2.png HTTP/1.1" 200 - "-" "Go-http-client/1.1"
157.245.113.227 - - [16/Apr/2026:21:42:09 +0800] "GET /trace.axd HTTP/1.0" 500 635 "-" "Mozilla/5.0 (l9scan/2.0.8333e273e25353e2236313; +https://leakix.net)"
57.129.16.41 - - [16/Apr/2026:21:42:09 +0800] "GET /awstats-icon/clock/hr2.png HTTP/1.1" 200 320 "-" "Go-http-client/1.1"
146.190.103.103 - - [16/Apr/2026:21:42:09 +0800] "GET /v3/api-docs HTTP/1.1" 404 47 "-" "Mozilla/5.0 (l9scan/2.0.8333e273e25353e2236313; +https://leakix.net)"
154.28.229.31 - - [16/Apr/2026:21:42:09 +0800] "GET /logs/access_log HTTP/1.0" 200 87338 "-" "Mozilla/5.0 (Macintosh; Intel Mac OS X 10_15_7) AppleWebKit/537.36 (KHTML, like Gecko) Chrome/116.0.0.0 Safari/537.36"
57.129.16.41 - - [16/Apr/2026:21:42:09 +0800] "HEAD /awstats-icon/clock/hr3.png HTTP/1.1" 200 - "-" "Go-http-client/1.1"
57.129.16.41 - - [16/Apr/2026:21:42:09 +0800] "GET /awstats-icon/clock/hr3.png HTTP/1.1" 200 302 "-" "Go-http-client/1.1"
57.129.16.41 - - [16/Apr/2026:21:42:09 +0800] "HEAD /awstats-icon/clock/hr4.png HTTP/1.1" 200 - "-" "Go-http-client/1.1"
57.129.16.41 - - [16/Apr/2026:21:42:09 +0800] "GET /awstats-icon/clock/hr4.png HTTP/1.1" 200 302 "-" "Go-http-client/1.1"
138.68.86.32 - - [16/Apr/2026:21:42:09 +0800] "GET /.vscode/sftp.json HTTP/1.0" 404 47 "-" "Mozilla/5.0 (l9scan/2.0.8333e273e25353e2236313; +https://leakix.net)"
154.28.229.31 - - [16/Apr/2026:21:42:09 +0800] "GET /icon/other/ HTTP/1.0" 200 671 "-" "Mozilla/5.0 (Macintosh; Intel Mac OS X 10_15_7) AppleWebKit/537.36 (KHTML, like Gecko) Chrome/116.0.0.0 Safari/537.36"
154.28.229.31 - - [16/Apr/2026:21:42:09 +0800] "GET /icon/mime/ HTTP/1.0" 200 798 "-" "Mozilla/5.0 (Macintosh; Intel Mac OS X 10_15_7) AppleWebKit/537.36 (KHTML, like Gecko) Chrome/116.0.0.0 Safari/537.36"
57.129.16.41 - - [16/Apr/2026:21:42:09 +0800] "HEAD /awstats-icon/clock/hr5.png HTTP/1.1" 200 - "-" "Go-http-client/1.1"
154.28.229.31 - - [16/Apr/2026:21:42:09 +0800] "GET /icon/%3FC%3DS%3BO%3DA HTTP/1.0" 404 47 "-" "Mozilla/5.0 (Macintosh; Intel Mac OS X 10_15_7) AppleWebKit/537.36 (KHTML, like Gecko) Chrome/116.0.0.0 Safari/537.36"
57.129.16.41 - - [16/Apr/2026:21:42:09 +0800] "GET /awstats-icon/clock/hr5.png HTTP/1.1" 200 311 "-" "Go-http-client/1.1"
64.227.70.2 - - [16/Apr/2026:21:42:09 +0800] "OPTIONS / HTTP/1.1" 200 - "-" "Mozilla/5.0 (l9scan/2.0.8333e273e25353e2236313; +https://leakix.net)"
154.28.229.31 - - [16/Apr/2026:21:42:09 +0800] "GET /Maildir/%3FC%3DD%3BO%3DA HTTP/1.0" 404 47 "-" "Mozilla/5.0 (Macintosh; Intel Mac OS X 10_15_7) AppleWebKit/537.36 (KHTML, like Gecko) Chrome/116.0.0.0 Safari/537.36"
57.129.16.41 - - [16/Apr/2026:21:42:10 +0800] "HEAD /awstats-icon/clock/hr6.png HTTP/1.1" 200 - "-" "Go-http-client/1.1"
154.28.229.31 - - [16/Apr/2026:21:42:10 +0800] "GET /Maildir/new/ HTTP/1.0" 200 292 "-" "Mozilla/5.0 (Macintosh; Intel Mac OS X 10_15_7) AppleWebKit/537.36 (KHTML, like Gecko) Chrome/116.0.0.0 Safari/537.36"
57.129.16.41 - - [16/Apr/2026:21:42:10 +0800] "GET /awstats-icon/clock/hr6.png HTTP/1.1" 200 314 "-" "Go-http-client/1.1"
154.28.229.31 - - [16/Apr/2026:21:42:10 +0800] "GET /stats/%3FC%3DM%3BO%3DA HTTP/1.0" 404 47 "-" "Mozilla/5.0 (Macintosh; Intel Mac OS X 10_15_7) AppleWebKit/537.36 (KHTML, like Gecko) Chrome/116.0.0.0 Safari/537.36"
57.129.16.41 - - [16/Apr/2026:21:42:10 +0800] "HEAD /awstats-icon/clock/hr7.png HTTP/1.1" 200 - "-" "Go-http-client/1.1"
57.129.16.41 - - [16/Apr/2026:21:42:10 +0800] "GET /awstats-icon/clock/hr7.png HTTP/1.1" 200 316 "-" "Go-http-client/1.1"
154.28.229.31 - - [16/Apr/2026:21:42:10 +0800] "GET /stats/%3FC%3DD%3BO%3DA HTTP/1.0" 404 47 "-" "Mozilla/5.0 (Macintosh; Intel Mac OS X 10_15_7) AppleWebKit/537.36 (KHTML, like Gecko) Chrome/116.0.0.0 Safari/537.36"
154.28.229.31 - - [16/Apr/2026:21:42:10 +0800] "GET /logs/%3FC%3DM%3BO%3DA HTTP/1.0" 404 47 "-" "Mozilla/5.0 (Macintosh; Intel Mac OS X 10_15_7) AppleWebKit/537.36 (KHTML, like Gecko) Chrome/116.0.0.0 Safari/537.36"
57.129.16.41 - - [16/Apr/2026:21:42:10 +0800] "HEAD /awstats-icon/clock/hr8.png HTTP/1.1" 200 - "-" "Go-http-client/1.1"
57.129.16.41 - - [16/Apr/2026:21:42:10 +0800] "GET /awstats-icon/clock/hr8.png HTTP/1.1" 200 312 "-" "Go-http-client/1.1"
154.28.229.31 - - [16/Apr/2026:21:42:09 +0800] "GET /icon/flags/ HTTP/1.0" 200 2756 "-" "Mozilla/5.0 (Macintosh; Intel Mac OS X 10_15_7) AppleWebKit/537.36 (KHTML, like Gecko) Chrome/116.0.0.0 Safari/537.36"
57.129.16.41 - - [16/Apr/2026:21:42:10 +0800] "HEAD /awstats-icon/clock/hr9.png HTTP/1.1" 200 - "-" "Go-http-client/1.1"
146.190.103.103 - - [16/Apr/2026:21:42:10 +0800] "GET /api-docs/swagger.json HTTP/1.1" 404 47 "-" "Mozilla/5.0 (l9scan/2.0.8333e273e25353e2236313; +https://leakix.net)"
57.129.16.41 - - [16/Apr/2026:21:42:10 +0800] "GET /awstats-icon/clock/hr9.png HTTP/1.1" 200 304 "-" "Go-http-client/1.1"
154.28.229.31 - - [16/Apr/2026:21:42:10 +0800] "GET /awstats-icon/clock/ HTTP/1.0" 200 454 "-" "Mozilla/5.0 (Macintosh; Intel Mac OS X 10_15_7) AppleWebKit/537.36 (KHTML, like Gecko) Chrome/116.0.0.0 Safari/537.36"
57.129.16.41 - - [16/Apr/2026:21:42:10 +0800] "HEAD /awstats-icon/clock/hr10.png HTTP/1.1" 200 - "-" "Go-http-client/1.1"
57.129.16.41 - - [16/Apr/2026:21:42:10 +0800] "GET /awstats-icon/clock/hr10.png HTTP/1.1" 200 306 "-" "Go-http-client/1.1"
154.28.229.31 - - [16/Apr/2026:21:42:10 +0800] "GET /logs/%3FC%3DD%3BO%3DA HTTP/1.0" 404 47 "-" "Mozilla/5.0 (Macintosh; Intel Mac OS X 10_15_7) AppleWebKit/537.36 (KHTML, like Gecko) Chrome/116.0.0.0 Safari/537.36"
138.68.86.32 - - [16/Apr/2026:21:42:10 +0800] "OPTIONS / HTTP/1.0" 200 - "-" "Mozilla/5.0 (l9scan/2.0.8333e273e25353e2236313; +https://leakix.net)"
57.129.16.41 - - [16/Apr/2026:21:42:10 +0800] "HEAD /awstats-icon/clock/hr11.png HTTP/1.1" 200 - "-" "Go-http-client/1.1"
57.129.16.41 - - [16/Apr/2026:21:42:10 +0800] "GET /awstats-icon/clock/hr11.png HTTP/1.1" 200 318 "-" "Go-http-client/1.1"
154.28.229.31 - - [16/Apr/2026:21:42:10 +0800] "GET /awstats-icon/os/ HTTP/1.0" 200 1195 "-" "Mozilla/5.0 (Macintosh; Intel Mac OS X 10_15_7) AppleWebKit/537.36 (KHTML, like Gecko) Chrome/116.0.0.0 Safari/537.36"
57.129.16.41 - - [16/Apr/2026:21:42:11 +0800] "HEAD /awstats-icon/clock/hr12.png HTTP/1.1" 200 - "-" "Go-http-client/1.1"
64.227.70.2 - - [16/Apr/2026:21:42:10 +0800] "GET /?rest_route=/wp/v2/users/ HTTP/1.1" 200 401 "-" "Mozilla/5.0 (l9scan/2.0.8333e273e25353e2236313; +https://leakix.net)"
57.129.16.41 - - [16/Apr/2026:21:42:11 +0800] "GET /awstats-icon/cpu/ HTTP/1.1" 200 466 "-" "Go-http-client/1.1"
154.28.229.31 - - [16/Apr/2026:21:42:10 +0800] "GET /awstats-icon/flags/ HTTP/1.0" 200 2764 "-" "Mozilla/5.0 (Macintosh; Intel Mac OS X 10_15_7) AppleWebKit/537.36 (KHTML, like Gecko) Chrome/116.0.0.0 Safari/537.36"
154.28.229.31 - - [16/Apr/2026:21:42:11 +0800] "GET /awstats-icon/%3FC%3DM%3BO%3DA HTTP/1.0" 404 47 "-" "Mozilla/5.0 (Macintosh; Intel Mac OS X 10_15_7) AppleWebKit/537.36 (KHTML, like Gecko) Chrome/116.0.0.0 Safari/537.36"
154.28.229.31 - - [16/Apr/2026:21:42:11 +0800] "GET /awstats-icon/%3FC%3DD%3BO%3DA HTTP/1.0" 404 47 "-" "Mozilla/5.0 (Macintosh; Intel Mac OS X 10_15_7) AppleWebKit/537.36 (KHTML, like Gecko) Chrome/116.0.0.0 Safari/537.36"
154.28.229.31 - - [16/Apr/2026:21:42:11 +0800] "GET /awstats-icon/%3FC%3DN%3BO%3DD HTTP/1.0" 404 47 "-" "Mozilla/5.0 (Macintosh; Intel Mac OS X 10_15_7) AppleWebKit/537.36 (KHTML, like Gecko) Chrome/116.0.0.0 Safari/537.36"
146.190.103.103 - - [16/Apr/2026:21:42:11 +0800] "GET /api/swagger.json HTTP/1.1" 404 47 "-" "Mozilla/5.0 (l9scan/2.0.8333e273e25353e2236313; +https://leakix.net)"
154.28.229.31 - - [16/Apr/2026:21:42:11 +0800] "GET /icon/%3FC%3DM%3BO%3DA HTTP/1.0" 404 47 "-" "Mozilla/5.0 (Macintosh; Intel Mac OS X 10_15_7) AppleWebKit/537.36 (KHTML, like Gecko) Chrome/116.0.0.0 Safari/537.36"
154.28.229.31 - - [16/Apr/2026:21:42:11 +0800] "GET /logs/%3FC%3DN%3BO%3DD HTTP/1.0" 404 47 "-" "Mozilla/5.0 (Macintosh; Intel Mac OS X 10_15_7) AppleWebKit/537.36 (KHTML, like Gecko) Chrome/116.0.0.0 Safari/537.36"
64.227.70.2 - - [16/Apr/2026:21:42:12 +0800] "GET /debug/default/view?panel=config HTTP/1.1" 404 47 "-" "Mozilla/5.0 (l9scan/2.0.8333e273e25353e2236313; +https://leakix.net)"
57.129.16.41 - - [16/Apr/2026:21:42:12 +0800] "GET /awstats-icon/clock/hr12.png HTTP/1.1" 200 320 "-" "Go-http-client/1.1"
57.129.16.41 - - [16/Apr/2026:21:42:12 +0800] "HEAD /awstats-icon/cpu/digital.png HTTP/1.1" 200 - "-" "Go-http-client/1.1"
57.129.16.41 - - [16/Apr/2026:21:42:12 +0800] "GET /awstats-icon/cpu/digital.png HTTP/1.1" 200 262 "-" "Go-http-client/1.1"
57.129.16.41 - - [16/Apr/2026:21:42:12 +0800] "HEAD /awstats-icon/cpu/motorola.png HTTP/1.1" 200 - "-" "Go-http-client/1.1"
57.129.16.41 - - [16/Apr/2026:21:42:12 +0800] "GET /awstats-icon/cpu/motorola.png HTTP/1.1" 200 296 "-" "Go-http-client/1.1"
138.68.86.32 - - [16/Apr/2026:21:42:12 +0800] "GET /?rest_route=/wp/v2/users/ HTTP/1.0" 200 401 "-" "Mozilla/5.0 (l9scan/2.0.8333e273e25353e2236313; +https://leakix.net)"
57.129.16.41 - - [16/Apr/2026:21:42:12 +0800] "HEAD /awstats-icon/cpu/hp.png HTTP/1.1" 200 - "-" "Go-http-client/1.1"
57.129.16.41 - - [16/Apr/2026:21:42:12 +0800] "GET /awstats-icon/cpu/hp.png HTTP/1.1" 200 338 "-" "Go-http-client/1.1"
57.129.16.41 - - [16/Apr/2026:21:42:12 +0800] "HEAD /awstats-icon/cpu/sun.png HTTP/1.1" 200 - "-" "Go-http-client/1.1"
146.190.103.103 - - [16/Apr/2026:21:42:12 +0800] "GET /trace.axd HTTP/1.1" 500 632 "-" "Mozilla/5.0 (l9scan/2.0.8333e273e25353e2236313; +https://leakix.net)"
57.129.16.41 - - [16/Apr/2026:21:42:12 +0800] "GET /awstats-icon/cpu/sun.png HTTP/1.1" 200 210 "-" "Go-http-client/1.1"
57.129.16.41 - - [16/Apr/2026:21:42:12 +0800] "HEAD /awstats-icon/cpu/ibm.png HTTP/1.1" 200 - "-" "Go-http-client/1.1"
57.129.16.41 - - [16/Apr/2026:21:42:12 +0800] "GET /awstats-icon/cpu/ibm.png HTTP/1.1" 200 238 "-" "Go-http-client/1.1"
57.129.16.41 - - [16/Apr/2026:21:42:12 +0800] "HEAD /awstats-icon/cpu/unknown.png HTTP/1.1" 200 - "-" "Go-http-client/1.1"
57.129.16.41 - - [16/Apr/2026:21:42:12 +0800] "GET /awstats-icon/cpu/unknown.png HTTP/1.1" 200 191 "-" "Go-http-client/1.1"
57.129.16.41 - - [16/Apr/2026:21:42:12 +0800] "HEAD /awstats-icon/cpu/intel.png HTTP/1.1" 200 - "-" "Go-http-client/1.1"
57.129.16.41 - - [16/Apr/2026:21:42:12 +0800] "GET /awstats-icon/cpu/intel.png HTTP/1.1" 200 302 "-" "Go-http-client/1.1"
138.68.86.32 - - [16/Apr/2026:21:42:12 +0800] "GET /debug/default/view?panel=config HTTP/1.0" 404 47 "-" "Mozilla/5.0 (l9scan/2.0.8333e273e25353e2236313; +https://leakix.net)"
57.129.16.41 - - [16/Apr/2026:21:42:12 +0800] "HEAD /awstats-icon/cpu/java.png HTTP/1.1" 200 - "-" "Go-http-client/1.1"
57.129.16.41 - - [16/Apr/2026:21:42:12 +0800] "GET /awstats-icon/cpu/java.png HTTP/1.1" 200 288 "-" "Go-http-client/1.1"
157.245.113.227 - - [16/Apr/2026:21:42:13 +0800] "GET /@vite/env HTTP/1.0" 404 47 "-" "Mozilla/5.0 (l9scan/2.0.8333e273e25353e2236313; +https://leakix.net)"
157.245.113.227 - - [16/Apr/2026:21:42:13 +0800] "GET /.vscode/sftp.json HTTP/1.0" 404 47 "-" "Mozilla/5.0 (l9scan/2.0.8333e273e25353e2236313; +https://leakix.net)"
57.129.16.41 - - [16/Apr/2026:21:42:13 +0800] "HEAD /awstats-icon/cpu/mips.png HTTP/1.1" 200 - "-" "Go-http-client/1.1"
57.129.16.41 - - [16/Apr/2026:21:42:13 +0800] "GET /awstats-icon/cpu/mips.png HTTP/1.1" 200 317 "-" "Go-http-client/1.1"
57.129.16.41 - - [16/Apr/2026:21:42:13 +0800] "HEAD /awstats-icon/cpu/motorola.png HTTP/1.1" 200 - "-" "Go-http-client/1.1"
57.129.16.41 - - [16/Apr/2026:21:42:13 +0800] "GET /awstats-icon/cpu/motorola.png HTTP/1.1" 200 296 "-" "Go-http-client/1.1"
57.129.16.41 - - [16/Apr/2026:21:42:13 +0800] "HEAD /awstats-icon/cpu/sun.png HTTP/1.1" 200 - "-" "Go-http-client/1.1"
57.129.16.41 - - [16/Apr/2026:21:42:13 +0800] "GET /awstats-icon/cpu/sun.png HTTP/1.1" 200 210 "-" "Go-http-client/1.1"
57.129.16.41 - - [16/Apr/2026:21:42:12 +0800] "GET /awstats-icon/flags/ HTTP/1.1" 200 2764 "-" "Go-http-client/1.1"
57.129.16.41 - - [16/Apr/2026:21:42:13 +0800] "HEAD /awstats-icon/flags/a2.png HTTP/1.1" 200 - "-" "Go-http-client/1.1"
57.129.16.41 - - [16/Apr/2026:21:42:13 +0800] "HEAD /awstats-icon/cpu/unknown.png HTTP/1.1" 200 - "-" "Go-http-client/1.1"
57.129.16.41 - - [16/Apr/2026:21:42:13 +0800] "GET /awstats-icon/flags/a2.png HTTP/1.1" 200 381 "-" "Go-http-client/1.1"
146.190.103.103 - - [16/Apr/2026:21:42:13 +0800] "GET /@vite/env HTTP/1.1" 404 47 "-" "Mozilla/5.0 (l9scan/2.0.8333e273e25353e2236313; +https://leakix.net)"
57.129.16.41 - - [16/Apr/2026:21:42:13 +0800] "GET /awstats-icon/cpu/unknown.png HTTP/1.1" 200 191 "-" "Go-http-client/1.1"
57.129.16.41 - - [16/Apr/2026:21:42:13 +0800] "HEAD /awstats-icon/flags/ac.png HTTP/1.1" 200 - "-" "Go-http-client/1.1"
57.129.16.41 - - [16/Apr/2026:21:42:13 +0800] "GET /awstats-icon/flags/ac.png HTTP/1.1" 200 389 "-" "Go-http-client/1.1"
57.129.16.41 - - [16/Apr/2026:21:42:13 +0800] "HEAD /awstats-icon/flags/ad.png HTTP/1.1" 200 - "-" "Go-http-client/1.1"
57.129.16.41 - - [16/Apr/2026:21:42:13 +0800] "GET /awstats-icon/flags/ad.png HTTP/1.1" 200 255 "-" "Go-http-client/1.1"
57.129.16.41 - - [16/Apr/2026:21:42:14 +0800] "HEAD /awstats-icon/flags/ae.png HTTP/1.1" 200 - "-" "Go-http-client/1.1"
