185.191.171.9 - - [16/Apr/2026:21:23:58 +0800] "GET /robots.txt HTTP/1.1" 404 47 "-" "Mozilla/5.0 (compatible; SemrushBot/7~bl; +http://www.semrush.com/bot.html)"
85.208.96.210 - - [16/Apr/2026:21:23:58 +0800] "GET / HTTP/1.1" 200 401 "-" "Mozilla/5.0 (compatible; SemrushBot/7~bl; +http://www.semrush.com/bot.html)"
131.196.9.190 - - [16/Apr/2026:21:28:58 +0800] "GET /index.php?cPath=118&osCsid=19e4741f65523f55c8bb9e047ee83658 HTTP/1.1" 404 47 "-" "Mozilla/5.0 (Windows NT 5.01) AppleWebKit/531.2 (KHTML, like Gecko) Chrome/20.0.869.0 Safari/531.2"
195.63.0.114 - - [16/Apr/2026:21:32:09 +0800] "GET http://www.ngaisanghong.com/robots.txt HTTP/1.1" 400 42 "-" "Mozilla/5.0 (Windows NT 10.0; Win64; x64) AppleWebKit/537.36 (KHTML, like Gecko) Chrome/107.0.0.0 Safari/537.3"
217.181.73.112 - - [16/Apr/2026:21:32:09 +0800] "GET http://www.ngaisanghong.com/ HTTP/1.1" 400 42 "-" "Mozilla/5.0 (X11; Linux x86_64; rv:144.0) Gecko/20100101 Firefox/144.0"
34.86.221.204 - - [16/Apr/2026:21:34:15 +0800] "GET / HTTP/1.1" 200 1120 "-" "Mozilla/5.0 (Windows NT 10.0; Win64; x64) AppleWebKit/537.36 (KHTML, like Gecko) Chrome/78.0.3904.108 Safari/537.36"
34.86.221.204 - - [16/Apr/2026:21:34:15 +0800] "GET / HTTP/1.1" 200 1120 "-" "Mozilla/5.0 (Windows NT 10.0; Win64; x64) AppleWebKit/537.36 (KHTML, like Gecko) Chrome/78.0.3904.108 Safari/537.36"
34.86.221.204 - - [16/Apr/2026:21:34:19 +0800] "GET /wp-includes/wlwmanifest.xml HTTP/1.1" 404 27 "-" "Mozilla/5.0 (Windows NT 10.0; Win64; x64) AppleWebKit/537.36 (KHTML, like Gecko) Chrome/78.0.3904.108 Safari/537.36"
34.86.221.204 - - [16/Apr/2026:21:34:28 +0800] "GET /xmlrpc.php?rsd HTTP/1.1" 404 27 "-" "Mozilla/5.0 (Windows NT 10.0; Win64; x64) AppleWebKit/537.36 (KHTML, like Gecko) Chrome/78.0.3904.108 Safari/537.36"
34.86.221.204 - - [16/Apr/2026:21:34:28 +0800] "GET / HTTP/1.1" 200 1120 "-" "Mozilla/5.0 (Windows NT 10.0; Win64; x64) AppleWebKit/537.36 (KHTML, like Gecko) Chrome/78.0.3904.108 Safari/537.36"
34.86.221.204 - - [16/Apr/2026:21:34:28 +0800] "GET /blog/wp-includes/wlwmanifest.xml HTTP/1.1" 404 27 "-" "Mozilla/5.0 (Windows NT 10.0; Win64; x64) AppleWebKit/537.36 (KHTML, like Gecko) Chrome/78.0.3904.108 Safari/537.36"
34.86.221.204 - - [16/Apr/2026:21:34:29 +0800] "GET /web/wp-includes/wlwmanifest.xml HTTP/1.1" 404 27 "-" "Mozilla/5.0 (Windows NT 10.0; Win64; x64) AppleWebKit/537.36 (KHTML, like Gecko) Chrome/78.0.3904.108 Safari/537.36"
34.86.221.204 - - [16/Apr/2026:21:34:29 +0800] "GET /wordpress/wp-includes/wlwmanifest.xml HTTP/1.1" 404 27 "-" "Mozilla/5.0 (Windows NT 10.0; Win64; x64) AppleWebKit/537.36 (KHTML, like Gecko) Chrome/78.0.3904.108 Safari/537.36"
34.86.221.204 - - [16/Apr/2026:21:34:29 +0800] "GET /website/wp-includes/wlwmanifest.xml HTTP/1.1" 404 27 "-" "Mozilla/5.0 (Windows NT 10.0; Win64; x64) AppleWebKit/537.36 (KHTML, like Gecko) Chrome/78.0.3904.108 Safari/537.36"
34.86.221.204 - - [16/Apr/2026:21:34:29 +0800] "GET /wp/wp-includes/wlwmanifest.xml HTTP/1.1" 404 27 "-" "Mozilla/5.0 (Windows NT 10.0; Win64; x64) AppleWebKit/537.36 (KHTML, like Gecko) Chrome/78.0.3904.108 Safari/537.36"
34.86.221.204 - - [16/Apr/2026:21:34:30 +0800] "GET /news/wp-includes/wlwmanifest.xml HTTP/1.1" 404 27 "-" "Mozilla/5.0 (Windows NT 10.0; Win64; x64) AppleWebKit/537.36 (KHTML, like Gecko) Chrome/78.0.3904.108 Safari/537.36"
34.86.221.204 - - [16/Apr/2026:21:34:30 +0800] "GET /2018/wp-includes/wlwmanifest.xml HTTP/1.1" 404 27 "-" "Mozilla/5.0 (Windows NT 10.0; Win64; x64) AppleWebKit/537.36 (KHTML, like Gecko) Chrome/78.0.3904.108 Safari/537.36"
34.86.221.204 - - [16/Apr/2026:21:34:39 +0800] "GET /2019/wp-includes/wlwmanifest.xml HTTP/1.1" 404 27 "-" "Mozilla/5.0 (Windows NT 10.0; Win64; x64) AppleWebKit/537.36 (KHTML, like Gecko) Chrome/78.0.3904.108 Safari/537.36"
34.86.221.204 - - [16/Apr/2026:21:34:42 +0800] "GET /shop/wp-includes/wlwmanifest.xml HTTP/1.1" 404 27 "-" "Mozilla/5.0 (Windows NT 10.0; Win64; x64) AppleWebKit/537.36 (KHTML, like Gecko) Chrome/78.0.3904.108 Safari/537.36"
34.86.221.204 - - [16/Apr/2026:21:34:42 +0800] "GET /wp1/wp-includes/wlwmanifest.xml HTTP/1.1" 404 27 "-" "Mozilla/5.0 (Windows NT 10.0; Win64; x64) AppleWebKit/537.36 (KHTML, like Gecko) Chrome/78.0.3904.108 Safari/537.36"
34.86.221.204 - - [16/Apr/2026:21:34:52 +0800] "GET /test/wp-includes/wlwmanifest.xml HTTP/1.1" 404 27 "-" "Mozilla/5.0 (Windows NT 10.0; Win64; x64) AppleWebKit/537.36 (KHTML, like Gecko) Chrome/78.0.3904.108 Safari/537.36"
34.86.221.204 - - [16/Apr/2026:21:35:01 +0800] "GET /media/wp-includes/wlwmanifest.xml HTTP/1.1" 404 27 "-" "Mozilla/5.0 (Windows NT 10.0; Win64; x64) AppleWebKit/537.36 (KHTML, like Gecko) Chrome/78.0.3904.108 Safari/537.36"
34.86.221.204 - - [16/Apr/2026:21:35:01 +0800] "GET /wp2/wp-includes/wlwmanifest.xml HTTP/1.1" 404 27 "-" "Mozilla/5.0 (Windows NT 10.0; Win64; x64) AppleWebKit/537.36 (KHTML, like Gecko) Chrome/78.0.3904.108 Safari/537.36"
34.86.221.204 - - [16/Apr/2026:21:35:01 +0800] "GET /site/wp-includes/wlwmanifest.xml HTTP/1.1" 404 27 "-" "Mozilla/5.0 (Windows NT 10.0; Win64; x64) AppleWebKit/537.36 (KHTML, like Gecko) Chrome/78.0.3904.108 Safari/537.36"
34.86.221.204 - - [16/Apr/2026:21:35:02 +0800] "GET /cms/wp-includes/wlwmanifest.xml HTTP/1.1" 404 27 "-" "Mozilla/5.0 (Windows NT 10.0; Win64; x64) AppleWebKit/537.36 (KHTML, like Gecko) Chrome/78.0.3904.108 Safari/537.36"
34.86.221.204 - - [16/Apr/2026:21:35:02 +0800] "GET /sito/wp-includes/wlwmanifest.xml HTTP/1.1" 404 27 "-" "Mozilla/5.0 (Windows NT 10.0; Win64; x64) AppleWebKit/537.36 (KHTML, like Gecko) Chrome/78.0.3904.108 Safari/537.36"
23.178.112.210 - - [16/Apr/2026:21:40:20 +0800] "GET /.well-known/acme-challenge/nPYxGwTHg9d8gt1jm0sFeLVJwvoeO1084xSbxT3Po8g HTTP/1.1" 200 87 "-" "Mozilla/5.0 (compatible; Let's Encrypt validation server; +https://www.letsencrypt.org)"
13.60.174.76 - - [16/Apr/2026:21:40:21 +0800] "GET /.well-known/acme-challenge/nPYxGwTHg9d8gt1jm0sFeLVJwvoeO1084xSbxT3Po8g HTTP/1.1" 200 87 "-" "Mozilla/5.0 (compatible; Let's Encrypt validation server; +https://www.letsencrypt.org)"
18.117.89.43 - - [16/Apr/2026:21:40:21 +0800] "GET /.well-known/acme-challenge/nPYxGwTHg9d8gt1jm0sFeLVJwvoeO1084xSbxT3Po8g HTTP/1.1" 200 87 "-" "Mozilla/5.0 (compatible; Let's Encrypt validation server; +https://www.letsencrypt.org)"
34.211.158.13 - - [16/Apr/2026:21:40:21 +0800] "GET /.well-known/acme-challenge/nPYxGwTHg9d8gt1jm0sFeLVJwvoeO1084xSbxT3Po8g HTTP/1.1" 200 87 "-" "Mozilla/5.0 (compatible; Let's Encrypt validation server; +https://www.letsencrypt.org)"
18.140.117.197 - - [16/Apr/2026:21:40:21 +0800] "GET /.well-known/acme-challenge/nPYxGwTHg9d8gt1jm0sFeLVJwvoeO1084xSbxT3Po8g HTTP/1.1" 200 87 "-" "Mozilla/5.0 (compatible; Let's Encrypt validation server; +https://www.letsencrypt.org)"
23.178.112.106 - - [16/Apr/2026:21:40:21 +0800] "GET /.well-known/acme-challenge/PQxv8eN3ahjzKx-uKObozN0DD2niRU_F54a3aDfyaBs HTTP/1.1" 200 87 "-" "Mozilla/5.0 (compatible; Let's Encrypt validation server; +https://www.letsencrypt.org)"
3.23.130.135 - - [16/Apr/2026:21:40:22 +0800] "GET /.well-known/acme-challenge/PQxv8eN3ahjzKx-uKObozN0DD2niRU_F54a3aDfyaBs HTTP/1.1" 200 87 "-" "Mozilla/5.0 (compatible; Let's Encrypt validation server; +https://www.letsencrypt.org)"
13.63.53.161 - - [16/Apr/2026:21:40:22 +0800] "GET /.well-known/acme-challenge/PQxv8eN3ahjzKx-uKObozN0DD2niRU_F54a3aDfyaBs HTTP/1.1" 200 87 "-" "Mozilla/5.0 (compatible; Let's Encrypt validation server; +https://www.letsencrypt.org)"
44.246.198.167 - - [16/Apr/2026:21:40:22 +0800] "GET /.well-known/acme-challenge/PQxv8eN3ahjzKx-uKObozN0DD2niRU_F54a3aDfyaBs HTTP/1.1" 200 87 "-" "Mozilla/5.0 (compatible; Let's Encrypt validation server; +https://www.letsencrypt.org)"
54.169.34.145 - - [16/Apr/2026:21:40:22 +0800] "GET /.well-known/acme-challenge/PQxv8eN3ahjzKx-uKObozN0DD2niRU_F54a3aDfyaBs HTTP/1.1" 200 87 "-" "Mozilla/5.0 (compatible; Let's Encrypt validation server; +https://www.letsencrypt.org)"
103.81.231.36 - - [16/Apr/2026:21:41:11 +0800] "GET / HTTP/1.0" 200 401 "-" "Mozilla/5.0 (Macintosh; Intel Mac OS X 10_15_7) AppleWebKit/537.36 (KHTML, like Gecko) Chrome/146.0.0.0 Safari/537.36"
103.81.231.36 - - [16/Apr/2026:21:41:11 +0800] "GET /favicon.ico HTTP/1.0" 404 47 "-" "Mozilla/5.0 (Macintosh; Intel Mac OS X 10_15_7) AppleWebKit/537.36 (KHTML, like Gecko) Chrome/146.0.0.0 Safari/537.36"
138.68.86.32 - - [16/Apr/2026:21:41:35 +0800] "GET / HTTP/1.0" 200 1396 "-" "Mozilla/5.0 (l9scan/2.0.8333e273e25353e2236313; +https://leakix.net)"
64.227.70.2 - - [16/Apr/2026:21:41:36 +0800] "GET / HTTP/1.1" 200 1396 "-" "Mozilla/5.0 (l9scan/2.0.8333e273e25353e2236313; +https://leakix.net)"
138.68.86.32 - - [16/Apr/2026:21:41:36 +0800] "GET /console/ HTTP/1.0" 404 47 "-" "Mozilla/5.0 (l9scan/2.0.8333e273e25353e2236313; +https://leakix.net)"
157.245.113.227 - - [16/Apr/2026:21:41:36 +0800] "GET / HTTP/1.0" 200 1396 "-" "Mozilla/5.0 (l9scan/2.0.8333e273e25353e2236313; +https://leakix.net)"
64.227.70.2 - - [16/Apr/2026:21:41:37 +0800] "GET /console/ HTTP/1.1" 404 47 "-" "Mozilla/5.0 (l9scan/2.0.8333e273e25353e2236313; +https://leakix.net)"
57.129.16.41 - - [16/Apr/2026:21:41:37 +0800] "GET / HTTP/1.0" 200 401 "-" "Go-http-client/1.1"
57.129.16.41 - - [16/Apr/2026:21:41:37 +0800] "GET /Maildir/ HTTP/1.0" 200 343 "-" "Go-http-client/1.1"
57.129.16.41 - - [16/Apr/2026:21:41:37 +0800] "GET /Maildir/cur/ HTTP/1.0" 200 293 "-" "Go-http-client/1.1"
157.245.113.227 - - [16/Apr/2026:21:41:37 +0800] "GET /console/ HTTP/1.0" 404 47 "-" "Mozilla/5.0 (l9scan/2.0.8333e273e25353e2236313; +https://leakix.net)"
57.129.16.41 - - [16/Apr/2026:21:41:37 +0800] "GET /Maildir/new/ HTTP/1.0" 200 292 "-" "Go-http-client/1.1"
57.129.16.41 - - [16/Apr/2026:21:41:37 +0800] "GET /Maildir/tmp/ HTTP/1.0" 200 292 "-" "Go-http-client/1.1"
146.190.103.103 - - [16/Apr/2026:21:41:37 +0800] "GET / HTTP/1.1" 200 1396 "-" "Mozilla/5.0 (l9scan/2.0.8333e273e25353e2236313; +https://leakix.net)"
57.129.16.41 - - [16/Apr/2026:21:41:37 +0800] "GET /awstats-icon/ HTTP/1.0" 200 393 "-" "Go-http-client/1.1"
138.68.86.32 - - [16/Apr/2026:21:41:38 +0800] "GET /server HTTP/1.0" 404 47 "-" "Mozilla/5.0 (l9scan/2.0.8333e273e25353e2236313; +https://leakix.net)"
57.129.16.41 - - [16/Apr/2026:21:41:37 +0800] "GET / HTTP/1.1" 200 401 "-" "Go-http-client/1.1"
57.129.16.41 - - [16/Apr/2026:21:41:37 +0800] "GET / HTTP/1.0" 200 401 "-" "Go-http-client/1.1"
57.129.16.41 - - [16/Apr/2026:21:41:38 +0800] "GET /Maildir/ HTTP/1.1" 200 343 "-" "Go-http-client/1.1"
57.129.16.41 - - [16/Apr/2026:21:41:38 +0800] "GET /awstats-icon/browser/ HTTP/1.0" 200 1867 "-" "Go-http-client/1.1"
57.129.16.41 - - [16/Apr/2026:21:41:38 +0800] "GET /Maildir/ HTTP/1.0" 200 343 "-" "Go-http-client/1.1"
64.227.70.2 - - [16/Apr/2026:21:41:38 +0800] "GET /server HTTP/1.1" 404 47 "-" "Mozilla/5.0 (l9scan/2.0.8333e273e25353e2236313; +https://leakix.net)"
57.129.16.41 - - [16/Apr/2026:21:41:38 +0800] "GET /Maildir/cur/ HTTP/1.0" 200 293 "-" "Go-http-client/1.1"
57.129.16.41 - - [16/Apr/2026:21:41:38 +0800] "GET /Maildir/cur/ HTTP/1.1" 200 293 "-" "Go-http-client/1.1"
57.129.16.41 - - [16/Apr/2026:21:41:38 +0800] "GET /Maildir/new/ HTTP/1.0" 200 292 "-" "Go-http-client/1.1"
57.129.16.41 - - [16/Apr/2026:21:41:38 +0800] "GET /Maildir/new/ HTTP/1.1" 200 292 "-" "Go-http-client/1.1"
157.245.113.227 - - [16/Apr/2026:21:41:38 +0800] "GET /server HTTP/1.0" 404 47 "-" "Mozilla/5.0 (l9scan/2.0.8333e273e25353e2236313; +https://leakix.net)"
57.129.16.41 - - [16/Apr/2026:21:41:38 +0800] "GET /Maildir/tmp/ HTTP/1.0" 200 292 "-" "Go-http-client/1.1"
57.129.16.41 - - [16/Apr/2026:21:41:38 +0800] "GET /Maildir/tmp/ HTTP/1.1" 200 292 "-" "Go-http-client/1.1"
57.129.16.41 - - [16/Apr/2026:21:41:38 +0800] "GET /awstats-icon/ HTTP/1.0" 200 393 "-" "Go-http-client/1.1"
138.68.86.32 - - [16/Apr/2026:21:41:38 +0800] "GET /server-status HTTP/1.0" 403 704 "-" "Mozilla/5.0 (l9scan/2.0.8333e273e25353e2236313; +https://leakix.net)"
57.129.16.41 - - [16/Apr/2026:21:41:38 +0800] "GET /awstats-icon/ HTTP/1.1" 200 393 "-" "Go-http-client/1.1"
57.129.16.41 - - [16/Apr/2026:21:41:39 +0800] "GET /awstats-icon/browser/ HTTP/1.1" 200 1867 "-" "Go-http-client/1.1"
57.129.16.41 - - [16/Apr/2026:21:41:38 +0800] "GET /awstats-icon/browser/ HTTP/1.0" 200 1867 "-" "Go-http-client/1.1"
57.129.16.41 - - [16/Apr/2026:21:41:39 +0800] "HEAD /awstats-icon/browser/adobe.png HTTP/1.1" 200 - "-" "Go-http-client/1.1"
146.190.103.103 - - [16/Apr/2026:21:41:39 +0800] "GET /console/ HTTP/1.1" 404 47 "-" "Mozilla/5.0 (l9scan/2.0.8333e273e25353e2236313; +https://leakix.net)"
64.227.70.2 - - [16/Apr/2026:21:41:39 +0800] "GET /server-status HTTP/1.1" 403 706 "-" "Mozilla/5.0 (l9scan/2.0.8333e273e25353e2236313; +https://leakix.net)"
57.129.16.41 - - [16/Apr/2026:21:41:39 +0800] "GET /awstats-icon/browser/adobe.png HTTP/1.1" 200 340 "-" "Go-http-client/1.1"
57.129.16.41 - - [16/Apr/2026:21:41:39 +0800] "HEAD /awstats-icon/browser/alcatel.png HTTP/1.1" 200 - "-" "Go-http-client/1.1"
57.129.16.41 - - [16/Apr/2026:21:41:39 +0800] "GET /awstats-icon/browser/alcatel.png HTTP/1.1" 200 351 "-" "Go-http-client/1.1"
157.245.113.227 - - [16/Apr/2026:21:41:39 +0800] "GET /server-status HTTP/1.0" 403 706 "-" "Mozilla/5.0 (l9scan/2.0.8333e273e25353e2236313; +https://leakix.net)"
57.129.16.41 - - [16/Apr/2026:21:41:39 +0800] "HEAD /awstats-icon/browser/amaya.png HTTP/1.1" 200 - "-" "Go-http-client/1.1"
57.129.16.41 - - [16/Apr/2026:21:41:39 +0800] "GET /awstats-icon/browser/amaya.png HTTP/1.1" 200 316 "-" "Go-http-client/1.1"
57.129.16.41 - - [16/Apr/2026:21:41:39 +0800] "HEAD /awstats-icon/browser/amigavoyager.png HTTP/1.1" 200 - "-" "Go-http-client/1.1"
57.129.16.41 - - [16/Apr/2026:21:41:39 +0800] "GET /awstats-icon/browser/amigavoyager.png HTTP/1.1" 200 288 "-" "Go-http-client/1.1"
57.129.16.41 - - [16/Apr/2026:21:41:40 +0800] "HEAD /awstats-icon/browser/apt.png HTTP/1.1" 200 - "-" "Go-http-client/1.1"
57.129.16.41 - - [16/Apr/2026:21:41:40 +0800] "GET /awstats-icon/browser/apt.png HTTP/1.1" 200 315 "-" "Go-http-client/1.1"
57.129.16.41 - - [16/Apr/2026:21:41:40 +0800] "HEAD /awstats-icon/browser/avant.png HTTP/1.1" 200 - "-" "Go-http-client/1.1"
57.129.16.41 - - [16/Apr/2026:21:41:40 +0800] "GET /awstats-icon/browser/avant.png HTTP/1.1" 200 770 "-" "Go-http-client/1.1"
57.129.16.41 - - [16/Apr/2026:21:41:40 +0800] "HEAD /awstats-icon/browser/aweb.png HTTP/1.1" 200 - "-" "Go-http-client/1.1"
57.129.16.41 - - [16/Apr/2026:21:41:40 +0800] "GET /awstats-icon/browser/aweb.png HTTP/1.1" 200 607 "-" "Go-http-client/1.1"
146.190.103.103 - - [16/Apr/2026:21:41:40 +0800] "GET /server HTTP/1.1" 404 47 "-" "Mozilla/5.0 (l9scan/2.0.8333e273e25353e2236313; +https://leakix.net)"
57.129.16.41 - - [16/Apr/2026:21:41:40 +0800] "HEAD /awstats-icon/browser/bpftp.png HTTP/1.1" 200 - "-" "Go-http-client/1.1"
57.129.16.41 - - [16/Apr/2026:21:41:40 +0800] "GET /awstats-icon/browser/bpftp.png HTTP/1.1" 200 714 "-" "Go-http-client/1.1"
57.129.16.41 - - [16/Apr/2026:21:41:40 +0800] "HEAD /awstats-icon/browser/bytel.png HTTP/1.1" 200 - "-" "Go-http-client/1.1"
57.129.16.41 - - [16/Apr/2026:21:41:40 +0800] "GET /awstats-icon/browser/bytel.png HTTP/1.1" 200 505 "-" "Go-http-client/1.1"
57.129.16.41 - - [16/Apr/2026:21:41:40 +0800] "HEAD /awstats-icon/browser/chimera.png HTTP/1.1" 200 - "-" "Go-http-client/1.1"
57.129.16.41 - - [16/Apr/2026:21:41:40 +0800] "GET /awstats-icon/browser/chimera.png HTTP/1.1" 200 288 "-" "Go-http-client/1.1"
57.129.16.41 - - [16/Apr/2026:21:41:41 +0800] "HEAD /awstats-icon/browser/cyberdog.png HTTP/1.1" 200 - "-" "Go-http-client/1.1"
57.129.16.41 - - [16/Apr/2026:21:41:41 +0800] "GET /awstats-icon/browser/cyberdog.png HTTP/1.1" 200 689 "-" "Go-http-client/1.1"
57.129.16.41 - - [16/Apr/2026:21:41:41 +0800] "HEAD /awstats-icon/browser/da.png HTTP/1.1" 200 - "-" "Go-http-client/1.1"
138.68.86.32 - - [16/Apr/2026:21:41:41 +0800] "GET /about HTTP/1.0" 404 47 "-" "Mozilla/5.0 (l9scan/2.0.8333e273e25353e2236313; +https://leakix.net)"
57.129.16.41 - - [16/Apr/2026:21:41:41 +0800] "GET /awstats-icon/browser/da.png HTTP/1.1" 200 265 "-" "Go-http-client/1.1"
64.227.70.2 - - [16/Apr/2026:21:41:41 +0800] "GET /about HTTP/1.1" 404 47 "-" "Mozilla/5.0 (l9scan/2.0.8333e273e25353e2236313; +https://leakix.net)"
57.129.16.41 - - [16/Apr/2026:21:41:41 +0800] "HEAD /awstats-icon/browser/dillo.png HTTP/1.1" 200 - "-" "Go-http-client/1.1"
146.190.103.103 - - [16/Apr/2026:21:41:41 +0800] "GET /server-status HTTP/1.1" 403 702 "-" "Mozilla/5.0 (l9scan/2.0.8333e273e25353e2236313; +https://leakix.net)"
57.129.16.41 - - [16/Apr/2026:21:41:41 +0800] "GET /awstats-icon/browser/dillo.png HTTP/1.1" 200 768 "-" "Go-http-client/1.1"
57.129.16.41 - - [16/Apr/2026:21:41:41 +0800] "HEAD /awstats-icon/browser/dreamcast.png HTTP/1.1" 200 - "-" "Go-http-client/1.1"
57.129.16.41 - - [16/Apr/2026:21:41:41 +0800] "GET /awstats-icon/browser/dreamcast.png HTTP/1.1" 200 303 "-" "Go-http-client/1.1"
157.245.113.227 - - [16/Apr/2026:21:41:41 +0800] "GET /about HTTP/1.0" 404 47 "-" "Mozilla/5.0 (l9scan/2.0.8333e273e25353e2236313; +https://leakix.net)"
57.129.16.41 - - [16/Apr/2026:21:41:41 +0800] "HEAD /awstats-icon/browser/ecatch.png HTTP/1.1" 200 - "-" "Go-http-client/1.1"
57.129.16.41 - - [16/Apr/2026:21:41:41 +0800] "GET /awstats-icon/browser/ecatch.png HTTP/1.1" 200 707 "-" "Go-http-client/1.1"
57.129.16.41 - - [16/Apr/2026:21:41:41 +0800] "HEAD /awstats-icon/browser/encompass.png HTTP/1.1" 200 - "-" "Go-http-client/1.1"
57.129.16.41 - - [16/Apr/2026:21:41:41 +0800] "GET /awstats-icon/browser/encompass.png HTTP/1.1" 200 757 "-" "Go-http-client/1.1"
138.68.86.32 - - [16/Apr/2026:21:41:42 +0800] "GET /login.action HTTP/1.0" 404 47 "-" "Mozilla/5.0 (l9scan/2.0.8333e273e25353e2236313; +https://leakix.net)"
57.129.16.41 - - [16/Apr/2026:21:41:42 +0800] "HEAD /awstats-icon/browser/epiphany.png HTTP/1.1" 200 - "-" "Go-http-client/1.1"
57.129.16.41 - - [16/Apr/2026:21:41:42 +0800] "GET /awstats-icon/browser/epiphany.png HTTP/1.1" 200 631 "-" "Go-http-client/1.1"
57.129.16.41 - - [16/Apr/2026:21:41:42 +0800] "HEAD /awstats-icon/browser/ericsson.png HTTP/1.1" 200 - "-" "Go-http-client/1.1"
57.129.16.41 - - [16/Apr/2026:21:41:42 +0800] "GET /awstats-icon/browser/ericsson.png HTTP/1.1" 200 1049 "-" "Go-http-client/1.1"
64.227.70.2 - - [16/Apr/2026:21:41:42 +0800] "GET /login.action HTTP/1.1" 404 47 "-" "Mozilla/5.0 (l9scan/2.0.8333e273e25353e2236313; +https://leakix.net)"
57.129.16.41 - - [16/Apr/2026:21:41:42 +0800] "HEAD /awstats-icon/browser/feeddemon.png HTTP/1.1" 200 - "-" "Go-http-client/1.1"
57.129.16.41 - - [16/Apr/2026:21:41:42 +0800] "GET /awstats-icon/browser/feeddemon.png HTTP/1.1" 200 677 "-" "Go-http-client/1.1"
57.129.16.41 - - [16/Apr/2026:21:41:42 +0800] "HEAD /awstats-icon/browser/feedreader.png HTTP/1.1" 200 - "-" "Go-http-client/1.1"
57.129.16.41 - - [16/Apr/2026:21:41:42 +0800] "GET /awstats-icon/browser/feedreader.png HTTP/1.1" 200 552 "-" "Go-http-client/1.1"
157.245.113.227 - - [16/Apr/2026:21:41:42 +0800] "GET /login.action HTTP/1.0" 404 47 "-" "Mozilla/5.0 (l9scan/2.0.8333e273e25353e2236313; +https://leakix.net)"
57.129.16.41 - - [16/Apr/2026:21:41:42 +0800] "HEAD /awstats-icon/browser/firefox.png HTTP/1.1" 200 - "-" "Go-http-client/1.1"
57.129.16.41 - - [16/Apr/2026:21:41:42 +0800] "GET /awstats-icon/browser/firefox.png HTTP/1.1" 200 368 "-" "Go-http-client/1.1"
57.129.16.41 - - [16/Apr/2026:21:41:42 +0800] "HEAD /awstats-icon/browser/fpexpress.png HTTP/1.1" 200 - "-" "Go-http-client/1.1"
57.129.16.41 - - [16/Apr/2026:21:41:42 +0800] "GET /awstats-icon/browser/fpexpress.png HTTP/1.1" 200 420 "-" "Go-http-client/1.1"
138.68.86.32 - - [16/Apr/2026:21:41:43 +0800] "GET /v2/_catalog HTTP/1.0" 404 47 "-" "Mozilla/5.0 (l9scan/2.0.8333e273e25353e2236313; +https://leakix.net)"
57.129.16.41 - - [16/Apr/2026:21:41:43 +0800] "HEAD /awstats-icon/browser/fresco.png HTTP/1.1" 200 - "-" "Go-http-client/1.1"
57.129.16.41 - - [16/Apr/2026:21:41:43 +0800] "GET /awstats-icon/browser/fresco.png HTTP/1.1" 200 708 "-" "Go-http-client/1.1"
57.129.16.41 - - [16/Apr/2026:21:41:43 +0800] "HEAD /awstats-icon/browser/galeon.png HTTP/1.1" 200 - "-" "Go-http-client/1.1"
57.129.16.41 - - [16/Apr/2026:21:41:43 +0800] "GET /awstats-icon/browser/galeon.png HTTP/1.1" 200 288 "-" "Go-http-client/1.1"
57.129.16.41 - - [16/Apr/2026:21:41:43 +0800] "HEAD /awstats-icon/browser/getright.png HTTP/1.1" 200 - "-" "Go-http-client/1.1"
57.129.16.41 - - [16/Apr/2026:21:41:43 +0800] "GET /awstats-icon/browser/getright.png HTTP/1.1" 200 278 "-" "Go-http-client/1.1"
64.227.70.2 - - [16/Apr/2026:21:41:43 +0800] "GET /v2/_catalog HTTP/1.1" 404 47 "-" "Mozilla/5.0 (l9scan/2.0.8333e273e25353e2236313; +https://leakix.net)"
57.129.16.41 - - [16/Apr/2026:21:41:43 +0800] "HEAD /awstats-icon/browser/gozilla.png HTTP/1.1" 200 - "-" "Go-http-client/1.1"
57.129.16.41 - - [16/Apr/2026:21:41:43 +0800] "GET /awstats-icon/browser/gozilla.png HTTP/1.1" 200 269 "-" "Go-http-client/1.1"
157.245.113.227 - - [16/Apr/2026:21:41:43 +0800] "GET /v2/_catalog HTTP/1.0" 404 47 "-" "Mozilla/5.0 (l9scan/2.0.8333e273e25353e2236313; +https://leakix.net)"
64.227.70.2 - - [16/Apr/2026:21:41:43 +0800] "GET /.DS_Store HTTP/1.1" 404 47 "-" "Mozilla/5.0 (l9scan/2.0.8333e273e25353e2236313; +https://leakix.net)"
57.129.16.41 - - [16/Apr/2026:21:41:43 +0800] "HEAD /awstats-icon/browser/hotjava.png HTTP/1.1" 200 - "-" "Go-http-client/1.1"
57.129.16.41 - - [16/Apr/2026:21:41:43 +0800] "GET /awstats-icon/browser/hotjava.png HTTP/1.1" 200 791 "-" "Go-http-client/1.1"
146.190.103.103 - - [16/Apr/2026:21:41:43 +0800] "GET /about HTTP/1.1" 404 47 "-" "Mozilla/5.0 (l9scan/2.0.8333e273e25353e2236313; +https://leakix.net)"
57.129.16.41 - - [16/Apr/2026:21:41:43 +0800] "HEAD /awstats-icon/browser/ibrowse.png HTTP/1.1" 200 - "-" "Go-http-client/1.1"
138.68.86.32 - - [16/Apr/2026:21:41:43 +0800] "GET /.DS_Store HTTP/1.0" 404 47 "-" "Mozilla/5.0 (l9scan/2.0.8333e273e25353e2236313; +https://leakix.net)"
57.129.16.41 - - [16/Apr/2026:21:41:43 +0800] "GET /awstats-icon/browser/ibrowse.png HTTP/1.1" 200 269 "-" "Go-http-client/1.1"
157.245.113.227 - - [16/Apr/2026:21:41:44 +0800] "GET /.DS_Store HTTP/1.0" 404 47 "-" "Mozilla/5.0 (l9scan/2.0.8333e273e25353e2236313; +https://leakix.net)"
57.129.16.41 - - [16/Apr/2026:21:41:44 +0800] "HEAD /awstats-icon/browser/icab.png HTTP/1.1" 200 - "-" "Go-http-client/1.1"
57.129.16.41 - - [16/Apr/2026:21:41:44 +0800] "GET /awstats-icon/browser/icab.png HTTP/1.1" 200 314 "-" "Go-http-client/1.1"
57.129.16.41 - - [16/Apr/2026:21:41:44 +0800] "HEAD /awstats-icon/browser/java.png HTTP/1.1" 200 - "-" "Go-http-client/1.1"
57.129.16.41 - - [16/Apr/2026:21:41:44 +0800] "GET /awstats-icon/browser/java.png HTTP/1.1" 200 288 "-" "Go-http-client/1.1"
57.129.16.41 - - [16/Apr/2026:21:41:44 +0800] "HEAD /awstats-icon/browser/jetbrains_omea.png HTTP/1.1" 200 - "-" "Go-http-client/1.1"
57.129.16.41 - - [16/Apr/2026:21:41:44 +0800] "GET /awstats-icon/browser/jetbrains_omea.png HTTP/1.1" 200 676 "-" "Go-http-client/1.1"
146.190.103.103 - - [16/Apr/2026:21:41:44 +0800] "GET /login.action HTTP/1.1" 404 47 "-" "Mozilla/5.0 (l9scan/2.0.8333e273e25353e2236313; +https://leakix.net)"
57.129.16.41 - - [16/Apr/2026:21:41:44 +0800] "HEAD /awstats-icon/browser/kmeleon.png HTTP/1.1" 200 - "-" "Go-http-client/1.1"
138.68.86.32 - - [16/Apr/2026:21:41:44 +0800] "GET /.env HTTP/1.0" 404 47 "-" "Mozilla/5.0 (l9scan/2.0.8333e273e25353e2236313; +https://leakix.net)"
57.129.16.41 - - [16/Apr/2026:21:41:44 +0800] "GET /awstats-icon/browser/kmeleon.png HTTP/1.1" 200 288 "-" "Go-http-client/1.1"
64.227.70.2 - - [16/Apr/2026:21:41:44 +0800] "GET /.env HTTP/1.1" 404 47 "-" "Mozilla/5.0 (l9scan/2.0.8333e273e25353e2236313; +https://leakix.net)"
57.129.16.41 - - [16/Apr/2026:21:41:44 +0800] "HEAD /awstats-icon/browser/konqueror.png HTTP/1.1" 200 - "-" "Go-http-client/1.1"
57.129.16.41 - - [16/Apr/2026:21:41:44 +0800] "GET /awstats-icon/browser/konqueror.png HTTP/1.1" 200 285 "-" "Go-http-client/1.1"
57.129.16.41 - - [16/Apr/2026:21:41:44 +0800] "HEAD /awstats-icon/browser/lg.png HTTP/1.1" 200 - "-" "Go-http-client/1.1"
157.245.113.227 - - [16/Apr/2026:21:41:44 +0800] "GET /.env HTTP/1.0" 404 47 "-" "Mozilla/5.0 (l9scan/2.0.8333e273e25353e2236313; +https://leakix.net)"
57.129.16.41 - - [16/Apr/2026:21:41:44 +0800] "GET /awstats-icon/browser/lg.png HTTP/1.1" 200 541 "-" "Go-http-client/1.1"
57.129.16.41 - - [16/Apr/2026:21:41:45 +0800] "HEAD /awstats-icon/browser/lotusnotes.png HTTP/1.1" 200 - "-" "Go-http-client/1.1"
57.129.16.41 - - [16/Apr/2026:21:41:45 +0800] "GET /awstats-icon/browser/lotusnotes.png HTTP/1.1" 200 344 "-" "Go-http-client/1.1"
57.129.16.41 - - [16/Apr/2026:21:41:45 +0800] "HEAD /awstats-icon/browser/lynx.png HTTP/1.1" 200 - "-" "Go-http-client/1.1"
57.129.16.41 - - [16/Apr/2026:21:41:45 +0800] "GET /awstats-icon/browser/lynx.png HTTP/1.1" 200 288 "-" "Go-http-client/1.1"
57.129.16.41 - - [16/Apr/2026:21:41:45 +0800] "HEAD /awstats-icon/browser/macweb.png HTTP/1.1" 200 - "-" "Go-http-client/1.1"
57.129.16.41 - - [16/Apr/2026:21:41:45 +0800] "GET /awstats-icon/browser/macweb.png HTTP/1.1" 200 662 "-" "Go-http-client/1.1"
146.190.103.103 - - [16/Apr/2026:21:41:45 +0800] "GET /v2/_catalog HTTP/1.1" 404 47 "-" "Mozilla/5.0 (l9scan/2.0.8333e273e25353e2236313; +https://leakix.net)"
57.129.16.41 - - [16/Apr/2026:21:41:45 +0800] "HEAD /awstats-icon/browser/mediaplayer.png HTTP/1.1" 200 - "-" "Go-http-client/1.1"
57.129.16.41 - - [16/Apr/2026:21:41:45 +0800] "GET /awstats-icon/browser/mediaplayer.png HTTP/1.1" 200 370 "-" "Go-http-client/1.1"
57.129.16.41 - - [16/Apr/2026:21:41:45 +0800] "HEAD /awstats-icon/browser/motorola.png HTTP/1.1" 200 - "-" "Go-http-client/1.1"
57.129.16.41 - - [16/Apr/2026:21:41:45 +0800] "GET / HTTP/1.1" 200 401 "-" "Go-http-client/1.1"
57.129.16.41 - - [16/Apr/2026:21:41:45 +0800] "GET /awstats-icon/browser/motorola.png HTTP/1.1" 200 655 "-" "Go-http-client/1.1"
57.129.16.41 - - [16/Apr/2026:21:41:45 +0800] "HEAD /awstats-icon/browser/mozilla.png HTTP/1.1" 200 - "-" "Go-http-client/1.1"
57.129.16.41 - - [16/Apr/2026:21:41:45 +0800] "GET /awstats-icon/browser/mozilla.png HTTP/1.1" 200 289 "-" "Go-http-client/1.1"
57.129.16.41 - - [16/Apr/2026:21:41:45 +0800] "GET /Maildir/ HTTP/1.1" 200 343 "-" "Go-http-client/1.1"
57.129.16.41 - - [16/Apr/2026:21:41:45 +0800] "GET /Maildir/cur/ HTTP/1.1" 200 293 "-" "Go-http-client/1.1"
57.129.16.41 - - [16/Apr/2026:21:41:46 +0800] "HEAD /awstats-icon/browser/mplayer.png HTTP/1.1" 200 - "-" "Go-http-client/1.1"
57.129.16.41 - - [16/Apr/2026:21:41:46 +0800] "GET /awstats-icon/browser/mplayer.png HTTP/1.1" 200 689 "-" "Go-http-client/1.1"
57.129.16.41 - - [16/Apr/2026:21:41:46 +0800] "GET /Maildir/new/ HTTP/1.1" 200 292 "-" "Go-http-client/1.1"
57.129.16.41 - - [16/Apr/2026:21:41:46 +0800] "HEAD /awstats-icon/browser/msie.png HTTP/1.1" 200 - "-" "Go-http-client/1.1"
57.129.16.41 - - [16/Apr/2026:21:41:46 +0800] "GET /Maildir/tmp/ HTTP/1.1" 200 292 "-" "Go-http-client/1.1"
57.129.16.41 - - [16/Apr/2026:21:41:46 +0800] "GET /awstats-icon/browser/msie.png HTTP/1.1" 200 314 "-" "Go-http-client/1.1"
57.129.16.41 - - [16/Apr/2026:21:41:46 +0800] "HEAD /awstats-icon/browser/msie_large.png HTTP/1.1" 200 - "-" "Go-http-client/1.1"
57.129.16.41 - - [16/Apr/2026:21:41:46 +0800] "GET /awstats-icon/browser/msie_large.png HTTP/1.1" 200 475 "-" "Go-http-client/1.1"
57.129.16.41 - - [16/Apr/2026:21:41:46 +0800] "HEAD /awstats-icon/browser/multizilla.png HTTP/1.1" 200 - "-" "Go-http-client/1.1"
138.68.86.32 - - [16/Apr/2026:21:41:46 +0800] "GET /ecp/Current/exporttool/microsoft.exchange.ediscovery.exporttool.application HTTP/1.0" 404 47 "-" "Mozilla/5.0 (l9scan/2.0.8333e273e25353e2236313; +https://leakix.net)"
57.129.16.41 - - [16/Apr/2026:21:41:46 +0800] "GET /awstats-icon/browser/multizilla.png HTTP/1.1" 200 289 "-" "Go-http-client/1.1"
57.129.16.41 - - [16/Apr/2026:21:41:46 +0800] "GET /awstats-icon/ HTTP/1.1" 200 393 "-" "Go-http-client/1.1"
64.227.70.2 - - [16/Apr/2026:21:41:46 +0800] "GET /ecp/Current/exporttool/microsoft.exchange.ediscovery.exporttool.application HTTP/1.1" 404 47 "-" "Mozilla/5.0 (l9scan/2.0.8333e273e25353e2236313; +https://leakix.net)"
195.123.244.84 - - [16/Apr/2026:21:41:46 +0800] "HEAD / HTTP/1.1" 200 - "-" "Mozilla/5.0 (Windows NT 10.0; Win64; x64) AppleWebKit/537.36 (KHTML, like Gecko) Chrome/121.0.0.0 Safari/537.36 Edg/121.0.0.0"
146.190.103.103 - - [16/Apr/2026:21:41:46 +0800] "GET /.DS_Store HTTP/1.1" 404 47 "-" "Mozilla/5.0 (l9scan/2.0.8333e273e25353e2236313; +https://leakix.net)"
57.129.16.41 - - [16/Apr/2026:21:41:46 +0800] "HEAD /awstats-icon/browser/ncsa_mosaic.png HTTP/1.1" 200 - "-" "Go-http-client/1.1"
57.129.16.41 - - [16/Apr/2026:21:41:46 +0800] "GET /awstats-icon/browser/ncsa_mosaic.png HTTP/1.1" 200 790 "-" "Go-http-client/1.1"
57.129.16.41 - - [16/Apr/2026:21:41:46 +0800] "HEAD /awstats-icon/browser/netnewswire.png HTTP/1.1" 200 - "-" "Go-http-client/1.1"
157.245.113.227 - - [16/Apr/2026:21:41:46 +0800] "GET /ecp/Current/exporttool/microsoft.exchange.ediscovery.exporttool.application HTTP/1.0" 404 47 "-" "Mozilla/5.0 (l9scan/2.0.8333e273e25353e2236313; +https://leakix.net)"
57.129.16.41 - - [16/Apr/2026:21:41:46 +0800] "GET /awstats-icon/browser/netnewswire.png HTTP/1.1" 200 667 "-" "Go-http-client/1.1"
57.129.16.41 - - [16/Apr/2026:21:41:46 +0800] "GET /awstats-icon/browser/ HTTP/1.1" 200 1867 "-" "Go-http-client/1.1"
57.129.16.41 - - [16/Apr/2026:21:41:47 +0800] "HEAD /awstats-icon/browser/adobe.png HTTP/1.1" 200 - "-" "Go-http-client/1.1"
57.129.16.41 - - [16/Apr/2026:21:41:47 +0800] "GET /awstats-icon/browser/adobe.png HTTP/1.1" 200 340 "-" "Go-http-client/1.1"
195.123.244.84 - - [16/Apr/2026:21:41:46 +0800] "GET / HTTP/1.1" 200 401 "-" "Mozilla/5.0 (Macintosh; Intel Mac OS X 10.15; rv:122.0) Gecko/20100101 Firefox/122.0"
57.129.16.41 - - [16/Apr/2026:21:41:47 +0800] "HEAD /awstats-icon/browser/netpositive.png HTTP/1.1" 200 - "-" "Go-http-client/1.1"
57.129.16.41 - - [16/Apr/2026:21:41:47 +0800] "GET /awstats-icon/browser/netpositive.png HTTP/1.1" 200 372 "-" "Go-http-client/1.1"
57.129.16.41 - - [16/Apr/2026:21:41:47 +0800] "HEAD /awstats-icon/browser/alcatel.png HTTP/1.1" 200 - "-" "Go-http-client/1.1"
57.129.16.41 - - [16/Apr/2026:21:41:47 +0800] "GET /awstats-icon/browser/alcatel.png HTTP/1.1" 200 351 "-" "Go-http-client/1.1"
57.129.16.41 - - [16/Apr/2026:21:41:47 +0800] "HEAD /awstats-icon/browser/netscape.png HTTP/1.1" 200 - "-" "Go-http-client/1.1"
57.129.16.41 - - [16/Apr/2026:21:41:47 +0800] "GET /awstats-icon/browser/netscape.png HTTP/1.1" 200 208 "-" "Go-http-client/1.1"
57.129.16.41 - - [16/Apr/2026:21:41:47 +0800] "HEAD /awstats-icon/browser/amaya.png HTTP/1.1" 200 - "-" "Go-http-client/1.1"
57.129.16.41 - - [16/Apr/2026:21:41:47 +0800] "HEAD /awstats-icon/browser/netscape_large.png HTTP/1.1" 200 - "-" "Go-http-client/1.1"
57.129.16.41 - - [16/Apr/2026:21:41:47 +0800] "GET /awstats-icon/browser/amaya.png HTTP/1.1" 200 316 "-" "Go-http-client/1.1"
57.129.16.41 - - [16/Apr/2026:21:41:47 +0800] "GET /awstats-icon/browser/netscape_large.png HTTP/1.1" 200 440 "-" "Go-http-client/1.1"
146.190.103.103 - - [16/Apr/2026:21:41:47 +0800] "GET /.env HTTP/1.1" 404 47 "-" "Mozilla/5.0 (l9scan/2.0.8333e273e25353e2236313; +https://leakix.net)"
57.129.16.41 - - [16/Apr/2026:21:41:47 +0800] "HEAD /awstats-icon/browser/amigavoyager.png HTTP/1.1" 200 - "-" "Go-http-client/1.1"
57.129.16.41 - - [16/Apr/2026:21:41:47 +0800] "HEAD /awstats-icon/browser/netshow.png HTTP/1.1" 200 - "-" "Go-http-client/1.1"
57.129.16.41 - - [16/Apr/2026:21:41:47 +0800] "GET /awstats-icon/browser/amigavoyager.png HTTP/1.1" 200 288 "-" "Go-http-client/1.1"
57.129.16.41 - - [16/Apr/2026:21:41:47 +0800] "GET /awstats-icon/browser/netshow.png HTTP/1.1" 200 636 "-" "Go-http-client/1.1"
57.129.16.41 - - [16/Apr/2026:21:41:47 +0800] "HEAD /awstats-icon/browser/apt.png HTTP/1.1" 200 - "-" "Go-http-client/1.1"
57.129.16.41 - - [16/Apr/2026:21:41:47 +0800] "HEAD /awstats-icon/browser/newsfire.png HTTP/1.1" 200 - "-" "Go-http-client/1.1"
57.129.16.41 - - [16/Apr/2026:21:41:47 +0800] "GET /awstats-icon/browser/apt.png HTTP/1.1" 200 315 "-" "Go-http-client/1.1"
57.129.16.41 - - [16/Apr/2026:21:41:47 +0800] "GET /awstats-icon/browser/newsfire.png HTTP/1.1" 200 646 "-" "Go-http-client/1.1"
57.129.16.41 - - [16/Apr/2026:21:41:47 +0800] "HEAD /awstats-icon/browser/avant.png HTTP/1.1" 200 - "-" "Go-http-client/1.1"
57.129.16.41 - - [16/Apr/2026:21:41:47 +0800] "HEAD /awstats-icon/browser/newsgator.png HTTP/1.1" 200 - "-" "Go-http-client/1.1"
57.129.16.41 - - [16/Apr/2026:21:41:47 +0800] "GET /awstats-icon/browser/avant.png HTTP/1.1" 200 770 "-" "Go-http-client/1.1"
57.129.16.41 - - [16/Apr/2026:21:41:47 +0800] "GET /awstats-icon/browser/newsgator.png HTTP/1.1" 200 550 "-" "Go-http-client/1.1"
57.129.16.41 - - [16/Apr/2026:21:41:48 +0800] "HEAD /awstats-icon/browser/newzcrawler.png HTTP/1.1" 200 - "-" "Go-http-client/1.1"
57.129.16.41 - - [16/Apr/2026:21:41:48 +0800] "HEAD /awstats-icon/browser/aweb.png HTTP/1.1" 200 - "-" "Go-http-client/1.1"
57.129.16.41 - - [16/Apr/2026:21:41:47 +0800] "GET /awstats-icon/clock/ HTTP/1.0" 200 454 "-" "Go-http-client/1.1"
57.129.16.41 - - [16/Apr/2026:21:41:48 +0800] "GET /awstats-icon/browser/aweb.png HTTP/1.1" 200 607 "-" "Go-http-client/1.1"
57.129.16.41 - - [16/Apr/2026:21:41:48 +0800] "GET /awstats-icon/browser/newzcrawler.png HTTP/1.1" 200 980 "-" "Go-http-client/1.1"
57.129.16.41 - - [16/Apr/2026:21:41:48 +0800] "HEAD /awstats-icon/browser/bpftp.png HTTP/1.1" 200 - "-" "Go-http-client/1.1"
57.129.16.41 - - [16/Apr/2026:21:41:48 +0800] "HEAD /awstats-icon/browser/nokia.png HTTP/1.1" 200 - "-" "Go-http-client/1.1"
57.129.16.41 - - [16/Apr/2026:21:41:48 +0800] "GET /awstats-icon/browser/bpftp.png HTTP/1.1" 200 714 "-" "Go-http-client/1.1"
57.129.16.41 - - [16/Apr/2026:21:41:48 +0800] "GET /awstats-icon/browser/nokia.png HTTP/1.1" 200 397 "-" "Go-http-client/1.1"
57.129.16.41 - - [16/Apr/2026:21:41:48 +0800] "HEAD /awstats-icon/browser/bytel.png HTTP/1.1" 200 - "-" "Go-http-client/1.1"
57.129.16.41 - - [16/Apr/2026:21:41:48 +0800] "GET /awstats-icon/browser/bytel.png HTTP/1.1" 200 505 "-" "Go-http-client/1.1"
57.129.16.41 - - [16/Apr/2026:21:41:48 +0800] "HEAD /awstats-icon/browser/notavailable.png HTTP/1.1" 200 - "-" "Go-http-client/1.1"
57.129.16.41 - - [16/Apr/2026:21:41:48 +0800] "GET /awstats-icon/browser/notavailable.png HTTP/1.1" 200 241 "-" "Go-http-client/1.1"
57.129.16.41 - - [16/Apr/2026:21:41:48 +0800] "HEAD /awstats-icon/browser/chimera.png HTTP/1.1" 200 - "-" "Go-http-client/1.1"
57.129.16.41 - - [16/Apr/2026:21:41:48 +0800] "GET /awstats-icon/browser/chimera.png HTTP/1.1" 200 288 "-" "Go-http-client/1.1"
57.129.16.41 - - [16/Apr/2026:21:41:48 +0800] "HEAD /awstats-icon/browser/omniweb.png HTTP/1.1" 200 - "-" "Go-http-client/1.1"
57.129.16.41 - - [16/Apr/2026:21:41:48 +0800] "GET /awstats-icon/browser/omniweb.png HTTP/1.1" 200 355 "-" "Go-http-client/1.1"
57.129.16.41 - - [16/Apr/2026:21:41:48 +0800] "HEAD /awstats-icon/browser/cyberdog.png HTTP/1.1" 200 - "-" "Go-http-client/1.1"
57.129.16.41 - - [16/Apr/2026:21:41:48 +0800] "GET /awstats-icon/browser/cyberdog.png HTTP/1.1" 200 689 "-" "Go-http-client/1.1"
57.129.16.41 - - [16/Apr/2026:21:41:48 +0800] "HEAD /awstats-icon/browser/opera.png HTTP/1.1" 200 - "-" "Go-http-client/1.1"
57.129.16.41 - - [16/Apr/2026:21:41:48 +0800] "GET /awstats-icon/browser/opera.png HTTP/1.1" 200 284 "-" "Go-http-client/1.1"
64.227.70.2 - - [16/Apr/2026:21:41:48 +0800] "GET /.git/config HTTP/1.1" 404 47 "-" "Mozilla/5.0 (l9scan/2.0.8333e273e25353e2236313; +https://leakix.net)"
57.129.16.41 - - [16/Apr/2026:21:41:48 +0800] "HEAD /awstats-icon/browser/panasonic.png HTTP/1.1" 200 - "-" "Go-http-client/1.1"
57.129.16.41 - - [16/Apr/2026:21:41:48 +0800] "GET /awstats-icon/clock/ HTTP/1.0" 200 454 "-" "Go-http-client/1.1"
146.190.103.103 - - [16/Apr/2026:21:41:49 +0800] "GET /ecp/Current/exporttool/microsoft.exchange.ediscovery.exporttool.application HTTP/1.1" 404 47 "-" "Mozilla/5.0 (l9scan/2.0.8333e273e25353e2236313; +https://leakix.net)"
57.129.16.41 - - [16/Apr/2026:21:41:49 +0800] "GET /awstats-icon/cpu/ HTTP/1.0" 200 466 "-" "Go-http-client/1.1"
138.68.86.32 - - [16/Apr/2026:21:41:49 +0800] "POST /graphql HTTP/1.0" 406 - "-" "Mozilla/5.0 (l9scan/2.0.8333e273e25353e2236313; +https://leakix.net)"
64.227.70.2 - - [16/Apr/2026:21:41:49 +0800] "POST /graphql HTTP/1.1" 406 - "-" "Mozilla/5.0 (l9scan/2.0.8333e273e25353e2236313; +https://leakix.net)"
138.68.86.32 - - [16/Apr/2026:21:41:49 +0800] "POST /api HTTP/1.0" 406 - "-" "Mozilla/5.0 (l9scan/2.0.8333e273e25353e2236313; +https://leakix.net)"
64.227.70.2 - - [16/Apr/2026:21:41:49 +0800] "POST /api HTTP/1.1" 406 - "-" "Mozilla/5.0 (l9scan/2.0.8333e273e25353e2236313; +https://leakix.net)"
138.68.86.32 - - [16/Apr/2026:21:41:49 +0800] "POST /api/graphql HTTP/1.0" 406 - "-" "Mozilla/5.0 (l9scan/2.0.8333e273e25353e2236313; +https://leakix.net)"
64.227.70.2 - - [16/Apr/2026:21:41:49 +0800] "POST /api/graphql HTTP/1.1" 406 - "-" "Mozilla/5.0 (l9scan/2.0.8333e273e25353e2236313; +https://leakix.net)"
138.68.86.32 - - [16/Apr/2026:21:41:49 +0800] "POST /graphql/api HTTP/1.0" 406 - "-" "Mozilla/5.0 (l9scan/2.0.8333e273e25353e2236313; +https://leakix.net)"
138.68.86.32 - - [16/Apr/2026:21:41:49 +0800] "POST /api/gql HTTP/1.0" 406 - "-" "Mozilla/5.0 (l9scan/2.0.8333e273e25353e2236313; +https://leakix.net)"
64.227.70.2 - - [16/Apr/2026:21:41:49 +0800] "POST /graphql/api HTTP/1.1" 406 - "-" "Mozilla/5.0 (l9scan/2.0.8333e273e25353e2236313; +https://leakix.net)"
57.129.16.41 - - [16/Apr/2026:21:41:49 +0800] "HEAD /awstats-icon/browser/da.png HTTP/1.1" 200 - "-" "Go-http-client/1.1"
64.227.70.2 - - [16/Apr/2026:21:41:49 +0800] "POST /api/gql HTTP/1.1" 406 - "-" "Mozilla/5.0 (l9scan/2.0.8333e273e25353e2236313; +https://leakix.net)"
57.129.16.41 - - [16/Apr/2026:21:41:49 +0800] "GET /awstats-icon/browser/da.png HTTP/1.1" 200 265 "-" "Go-http-client/1.1"
157.245.113.227 - - [16/Apr/2026:21:41:49 +0800] "POST /graphql HTTP/1.0" 406 - "-" "Mozilla/5.0 (l9scan/2.0.8333e273e25353e2236313; +https://leakix.net)"
57.129.16.41 - - [16/Apr/2026:21:41:50 +0800] "GET /awstats-icon/browser/panasonic.png HTTP/1.1" 200 302 "-" "Go-http-client/1.1"
154.28.229.31 - - [16/Apr/2026:21:41:49 +0800] "GET / HTTP/1.0" 200 401 "-" "Mozilla/5.0 (Windows NT 10.0; Win64; x64) AppleWebKit/537.36 (KHTML, like Gecko) Chrome/117.0.0.0 Safari/537.36"
57.129.16.41 - - [16/Apr/2026:21:41:50 +0800] "HEAD /awstats-icon/browser/dillo.png HTTP/1.1" 200 - "-" "Go-http-client/1.1"
57.129.16.41 - - [16/Apr/2026:21:41:50 +0800] "GET /awstats-icon/browser/dillo.png HTTP/1.1" 200 768 "-" "Go-http-client/1.1"
57.129.16.41 - - [16/Apr/2026:21:41:50 +0800] "HEAD /awstats-icon/browser/pdaphone.png HTTP/1.1" 200 - "-" "Go-http-client/1.1"
57.129.16.41 - - [16/Apr/2026:21:41:50 +0800] "GET /awstats-icon/browser/pdaphone.png HTTP/1.1" 200 351 "-" "Go-http-client/1.1"
57.129.16.41 - - [16/Apr/2026:21:41:50 +0800] "HEAD /awstats-icon/browser/dreamcast.png HTTP/1.1" 200 - "-" "Go-http-client/1.1"
157.245.113.227 - - [16/Apr/2026:21:41:50 +0800] "POST /api HTTP/1.0" 406 - "-" "Mozilla/5.0 (l9scan/2.0.8333e273e25353e2236313; +https://leakix.net)"
57.129.16.41 - - [16/Apr/2026:21:41:50 +0800] "GET /awstats-icon/browser/dreamcast.png HTTP/1.1" 200 303 "-" "Go-http-client/1.1"
57.129.16.41 - - [16/Apr/2026:21:41:50 +0800] "HEAD /awstats-icon/browser/philips.png HTTP/1.1" 200 - "-" "Go-http-client/1.1"
57.129.16.41 - - [16/Apr/2026:21:41:50 +0800] "GET /awstats-icon/browser/philips.png HTTP/1.1" 200 686 "-" "Go-http-client/1.1"
57.129.16.41 - - [16/Apr/2026:21:41:50 +0800] "GET /awstats-icon/cpu/ HTTP/1.0" 200 466 "-" "Go-http-client/1.1"
57.129.16.41 - - [16/Apr/2026:21:41:50 +0800] "HEAD /awstats-icon/browser/ecatch.png HTTP/1.1" 200 - "-" "Go-http-client/1.1"
57.129.16.41 - - [16/Apr/2026:21:41:50 +0800] "GET /awstats-icon/browser/ecatch.png HTTP/1.1" 200 707 "-" "Go-http-client/1.1"
57.129.16.41 - - [16/Apr/2026:21:41:50 +0800] "HEAD /awstats-icon/browser/phoenix.png HTTP/1.1" 200 - "-" "Go-http-client/1.1"
57.129.16.41 - - [16/Apr/2026:21:41:50 +0800] "GET /awstats-icon/browser/phoenix.png HTTP/1.1" 200 514 "-" "Go-http-client/1.1"
157.245.113.227 - - [16/Apr/2026:21:41:50 +0800] "POST /api/graphql HTTP/1.0" 406 - "-" "Mozilla/5.0 (l9scan/2.0.8333e273e25353e2236313; +https://leakix.net)"
57.129.16.41 - - [16/Apr/2026:21:41:50 +0800] "HEAD /awstats-icon/browser/encompass.png HTTP/1.1" 200 - "-" "Go-http-client/1.1"
57.129.16.41 - - [16/Apr/2026:21:41:50 +0800] "GET /awstats-icon/browser/encompass.png HTTP/1.1" 200 757 "-" "Go-http-client/1.1"
57.129.16.41 - - [16/Apr/2026:21:41:50 +0800] "HEAD /awstats-icon/browser/pluck.png HTTP/1.1" 200 - "-" "Go-http-client/1.1"
64.227.70.2 - - [16/Apr/2026:21:41:50 +0800] "GET /s/8333e273e25353e2236313/_/;/META-INF/maven/com.atlassian.jira/jira-webapp-dist/pom.properties HTTP/1.1" 404 47 "-" "Mozilla/5.0 (l9scan/2.0.8333e273e25353e2236313; +https://leakix.net)"
57.129.16.41 - - [16/Apr/2026:21:41:50 +0800] "GET /awstats-icon/browser/pluck.png HTTP/1.1" 200 662 "-" "Go-http-client/1.1"
57.129.16.41 - - [16/Apr/2026:21:41:50 +0800] "HEAD /awstats-icon/browser/epiphany.png HTTP/1.1" 200 - "-" "Go-http-client/1.1"
57.129.16.41 - - [16/Apr/2026:21:41:50 +0800] "GET /awstats-icon/browser/epiphany.png HTTP/1.1" 200 631 "-" "Go-http-client/1.1"
157.245.113.227 - - [16/Apr/2026:21:41:50 +0800] "POST /graphql/api HTTP/1.0" 406 - "-" "Mozilla/5.0 (l9scan/2.0.8333e273e25353e2236313; +https://leakix.net)"
138.68.86.32 - - [16/Apr/2026:21:41:50 +0800] "GET /s/8333e273e25353e2236313/_/;/META-INF/maven/com.atlassian.jira/jira-webapp-dist/pom.properties HTTP/1.0" 404 47 "-" "Mozilla/5.0 (l9scan/2.0.8333e273e25353e2236313; +https://leakix.net)"
57.129.16.41 - - [16/Apr/2026:21:41:50 +0800] "HEAD /awstats-icon/browser/ericsson.png HTTP/1.1" 200 - "-" "Go-http-client/1.1"
57.129.16.41 - - [16/Apr/2026:21:41:50 +0800] "GET /awstats-icon/browser/ericsson.png HTTP/1.1" 200 1049 "-" "Go-http-client/1.1"
57.129.16.41 - - [16/Apr/2026:21:41:51 +0800] "HEAD /awstats-icon/browser/feeddemon.png HTTP/1.1" 200 - "-" "Go-http-client/1.1"
57.129.16.41 - - [16/Apr/2026:21:41:51 +0800] "GET /awstats-icon/browser/feeddemon.png HTTP/1.1" 200 677 "-" "Go-http-client/1.1"
57.129.16.41 - - [16/Apr/2026:21:41:51 +0800] "HEAD /awstats-icon/browser/feedreader.png HTTP/1.1" 200 - "-" "Go-http-client/1.1"
57.129.16.41 - - [16/Apr/2026:21:41:50 +0800] "GET /awstats-icon/flags/ HTTP/1.0" 200 2764 "-" "Go-http-client/1.1"
157.245.113.227 - - [16/Apr/2026:21:41:51 +0800] "POST /api/gql HTTP/1.0" 406 - "-" "Mozilla/5.0 (l9scan/2.0.8333e273e25353e2236313; +https://leakix.net)"
146.190.103.103 - - [16/Apr/2026:21:41:51 +0800] "GET /.git/config HTTP/1.1" 404 47 "-" "Mozilla/5.0 (l9scan/2.0.8333e273e25353e2236313; +https://leakix.net)"
157.245.113.227 - - [16/Apr/2026:21:41:51 +0800] "GET /s/8333e273e25353e2236313/_/;/META-INF/maven/com.atlassian.jira/jira-webapp-dist/pom.properties HTTP/1.0" 404 47 "-" "Mozilla/5.0 (l9scan/2.0.8333e273e25353e2236313; +https://leakix.net)"
138.68.86.32 - - [16/Apr/2026:21:41:51 +0800] "GET /config.json HTTP/1.0" 404 47 "-" "Mozilla/5.0 (l9scan/2.0.8333e273e25353e2236313; +https://leakix.net)"
64.227.70.2 - - [16/Apr/2026:21:41:51 +0800] "GET /config.json HTTP/1.1" 404 47 "-" "Mozilla/5.0 (l9scan/2.0.8333e273e25353e2236313; +https://leakix.net)"
57.129.16.41 - - [16/Apr/2026:21:41:51 +0800] "HEAD /awstats-icon/browser/pulpfiction.png HTTP/1.1" 200 - "-" "Go-http-client/1.1"
57.129.16.41 - - [16/Apr/2026:21:41:51 +0800] "GET /awstats-icon/browser/pulpfiction.png HTTP/1.1" 200 689 "-" "Go-http-client/1.1"
57.129.16.41 - - [16/Apr/2026:21:41:51 +0800] "HEAD /awstats-icon/browser/real.png HTTP/1.1" 200 - "-" "Go-http-client/1.1"
57.129.16.41 - - [16/Apr/2026:21:41:51 +0800] "GET /awstats-icon/browser/real.png HTTP/1.1" 200 1406 "-" "Go-http-client/1.1"
57.129.16.41 - - [16/Apr/2026:21:41:51 +0800] "GET /awstats-icon/flags/ HTTP/1.0" 200 2764 "-" "Go-http-client/1.1"
57.129.16.41 - - [16/Apr/2026:21:41:52 +0800] "HEAD /awstats-icon/browser/rss.png HTTP/1.1" 200 - "-" "Go-http-client/1.1"
57.129.16.41 - - [16/Apr/2026:21:41:52 +0800] "GET /awstats-icon/browser/rss.png HTTP/1.1" 200 403 "-" "Go-http-client/1.1"
57.129.16.41 - - [16/Apr/2026:21:41:52 +0800] "GET /awstats-icon/browser/feedreader.png HTTP/1.1" 200 552 "-" "Go-http-client/1.1"
57.129.16.41 - - [16/Apr/2026:21:41:52 +0800] "HEAD /awstats-icon/browser/rssbandit.png HTTP/1.1" 200 - "-" "Go-http-client/1.1"
57.129.16.41 - - [16/Apr/2026:21:41:52 +0800] "GET /awstats-icon/browser/rssbandit.png HTTP/1.1" 200 642 "-" "Go-http-client/1.1"
57.129.16.41 - - [16/Apr/2026:21:41:52 +0800] "HEAD /awstats-icon/browser/firefox.png HTTP/1.1" 200 - "-" "Go-http-client/1.1"
57.129.16.41 - - [16/Apr/2026:21:41:52 +0800] "GET /awstats-icon/browser/firefox.png HTTP/1.1" 200 368 "-" "Go-http-client/1.1"
57.129.16.41 - - [16/Apr/2026:21:41:52 +0800] "HEAD /awstats-icon/browser/rssowl.png HTTP/1.1" 200 - "-" "Go-http-client/1.1"
57.129.16.41 - - [16/Apr/2026:21:41:52 +0800] "GET /awstats-icon/browser/rssowl.png HTTP/1.1" 200 674 "-" "Go-http-client/1.1"
157.245.113.227 - - [16/Apr/2026:21:41:52 +0800] "GET /config.json HTTP/1.0" 404 47 "-" "Mozilla/5.0 (l9scan/2.0.8333e273e25353e2236313; +https://leakix.net)"
57.129.16.41 - - [16/Apr/2026:21:41:52 +0800] "HEAD /awstats-icon/browser/fpexpress.png HTTP/1.1" 200 - "-" "Go-http-client/1.1"
146.190.103.103 - - [16/Apr/2026:21:41:52 +0800] "POST /graphql HTTP/1.1" 406 - "-" "Mozilla/5.0 (l9scan/2.0.8333e273e25353e2236313; +https://leakix.net)"
57.129.16.41 - - [16/Apr/2026:21:41:52 +0800] "GET /awstats-icon/browser/fpexpress.png HTTP/1.1" 200 420 "-" "Go-http-client/1.1"
57.129.16.41 - - [16/Apr/2026:21:41:52 +0800] "HEAD /awstats-icon/browser/rssreader.png HTTP/1.1" 200 - "-" "Go-http-client/1.1"
57.129.16.41 - - [16/Apr/2026:21:41:52 +0800] "GET /awstats-icon/browser/rssreader.png HTTP/1.1" 200 1053 "-" "Go-http-client/1.1"
57.129.16.41 - - [16/Apr/2026:21:41:52 +0800] "HEAD /awstats-icon/browser/fresco.png HTTP/1.1" 200 - "-" "Go-http-client/1.1"
57.129.16.41 - - [16/Apr/2026:21:41:52 +0800] "GET /awstats-icon/browser/fresco.png HTTP/1.1" 200 708 "-" "Go-http-client/1.1"
57.129.16.41 - - [16/Apr/2026:21:41:52 +0800] "HEAD /awstats-icon/browser/galeon.png HTTP/1.1" 200 - "-" "Go-http-client/1.1"
57.129.16.41 - - [16/Apr/2026:21:41:52 +0800] "GET /awstats-icon/browser/galeon.png HTTP/1.1" 200 288 "-" "Go-http-client/1.1"
57.129.16.41 - - [16/Apr/2026:21:41:53 +0800] "HEAD /awstats-icon/browser/getright.png HTTP/1.1" 200 - "-" "Go-http-client/1.1"
57.129.16.41 - - [16/Apr/2026:21:41:53 +0800] "GET /awstats-icon/browser/getright.png HTTP/1.1" 200 278 "-" "Go-http-client/1.1"
146.190.103.103 - - [16/Apr/2026:21:41:53 +0800] "POST /api HTTP/1.1" 406 - "-" "Mozilla/5.0 (l9scan/2.0.8333e273e25353e2236313; +https://leakix.net)"
57.129.16.41 - - [16/Apr/2026:21:41:53 +0800] "HEAD /awstats-icon/browser/gozilla.png HTTP/1.1" 200 - "-" "Go-http-client/1.1"
57.129.16.41 - - [16/Apr/2026:21:41:53 +0800] "GET /awstats-icon/browser/gozilla.png HTTP/1.1" 200 269 "-" "Go-http-client/1.1"
57.129.16.41 - - [16/Apr/2026:21:41:53 +0800] "HEAD /awstats-icon/browser/hotjava.png HTTP/1.1" 200 - "-" "Go-http-client/1.1"
57.129.16.41 - - [16/Apr/2026:21:41:53 +0800] "GET /awstats-icon/browser/hotjava.png HTTP/1.1" 200 791 "-" "Go-http-client/1.1"
57.129.16.41 - - [16/Apr/2026:21:41:53 +0800] "HEAD /awstats-icon/browser/ibrowse.png HTTP/1.1" 200 - "-" "Go-http-client/1.1"
57.129.16.41 - - [16/Apr/2026:21:41:53 +0800] "GET /awstats-icon/browser/ibrowse.png HTTP/1.1" 200 269 "-" "Go-http-client/1.1"
138.68.86.32 - - [16/Apr/2026:21:41:53 +0800] "GET /telescope/requests HTTP/1.0" 404 47 "-" "Mozilla/5.0 (l9scan/2.0.8333e273e25353e2236313; +https://leakix.net)"
146.190.103.103 - - [16/Apr/2026:21:41:53 +0800] "POST /api/graphql HTTP/1.1" 406 - "-" "Mozilla/5.0 (l9scan/2.0.8333e273e25353e2236313; +https://leakix.net)"
138.68.86.32 - - [16/Apr/2026:21:41:53 +0800] "GET /info.php HTTP/1.0" 404 47 "-" "Mozilla/5.0 (l9scan/2.0.8333e273e25353e2236313; +https://leakix.net)"
64.227.70.2 - - [16/Apr/2026:21:41:53 +0800] "GET /telescope/requests HTTP/1.1" 404 47 "-" "Mozilla/5.0 (l9scan/2.0.8333e273e25353e2236313; +https://leakix.net)"
57.129.16.41 - - [16/Apr/2026:21:41:53 +0800] "HEAD /awstats-icon/browser/icab.png HTTP/1.1" 200 - "-" "Go-http-client/1.1"
57.129.16.41 - - [16/Apr/2026:21:41:53 +0800] "GET /awstats-icon/browser/icab.png HTTP/1.1" 200 314 "-" "Go-http-client/1.1"
64.227.70.2 - - [16/Apr/2026:21:41:53 +0800] "GET /info.php HTTP/1.1" 404 47 "-" "Mozilla/5.0 (l9scan/2.0.8333e273e25353e2236313; +https://leakix.net)"
57.129.16.41 - - [16/Apr/2026:21:41:53 +0800] "HEAD /awstats-icon/browser/java.png HTTP/1.1" 200 - "-" "Go-http-client/1.1"
57.129.16.41 - - [16/Apr/2026:21:41:53 +0800] "GET /awstats-icon/browser/java.png HTTP/1.1" 200 288 "-" "Go-http-client/1.1"
57.129.16.41 - - [16/Apr/2026:21:41:54 +0800] "HEAD /awstats-icon/browser/jetbrains_omea.png HTTP/1.1" 200 - "-" "Go-http-client/1.1"
57.129.16.41 - - [16/Apr/2026:21:41:54 +0800] "GET /awstats-icon/browser/jetbrains_omea.png HTTP/1.1" 200 676 "-" "Go-http-client/1.1"
57.129.16.41 - - [16/Apr/2026:21:41:54 +0800] "HEAD /awstats-icon/browser/kmeleon.png HTTP/1.1" 200 - "-" "Go-http-client/1.1"
57.129.16.41 - - [16/Apr/2026:21:41:54 +0800] "GET /awstats-icon/browser/kmeleon.png HTTP/1.1" 200 288 "-" "Go-http-client/1.1"
57.129.16.41 - - [16/Apr/2026:21:41:54 +0800] "HEAD /awstats-icon/browser/konqueror.png HTTP/1.1" 200 - "-" "Go-http-client/1.1"
57.129.16.41 - - [16/Apr/2026:21:41:54 +0800] "GET /awstats-icon/browser/konqueror.png HTTP/1.1" 200 285 "-" "Go-http-client/1.1"
146.190.103.103 - - [16/Apr/2026:21:41:54 +0800] "POST /graphql/api HTTP/1.1" 406 - "-" "Mozilla/5.0 (l9scan/2.0.8333e273e25353e2236313; +https://leakix.net)"
57.129.16.41 - - [16/Apr/2026:21:41:54 +0800] "HEAD /awstats-icon/browser/lg.png HTTP/1.1" 200 - "-" "Go-http-client/1.1"
